{"id":9,"date":"2018-08-08T12:36:54","date_gmt":"2018-08-08T11:36:54","guid":{"rendered":"https:\/\/www.usf-an.pt\/academia-csp\/?page_id=9"},"modified":"2018-10-19T12:08:40","modified_gmt":"2018-10-19T11:08:40","slug":"academia","status":"publish","type":"page","link":"https:\/\/www.usf-an.pt\/academia-csp\/academia\/","title":{"rendered":"Academia"},"content":{"rendered":"<div class=\"wpb-content-wrapper\"><p>[vc_row][vc_column width=&#8221;1\/2&#8243;][vc_column_text]A USF-AN assume a\u00a0<strong>ACADEMIA DOS CSP como principal atividade formativa<\/strong>, sendo esta\u00a0<strong>um espa\u00e7o colaborativo de aprendizagem, de cidadania, promotor do desenvolvimento e do reconhecimento dos conhecimentos, das qualifica\u00e7\u00f5es e das pr\u00e1ticas dos Recursos Humanos e das Equipas dos CSP, nomeadamente das USF<\/strong>.<\/p>\n<p>&nbsp;<\/p>\n<p>A Academia dos CSP aposta na forma\u00e7\u00e3o integral (humana, social e profissional) proporcionando oportunidades de matura\u00e7\u00e3o e crescimento dos Profissionais e das Equipas prestadoras de cuidados, acreditando que, por esta via, ser\u00e1 poss\u00edvel alcan\u00e7ar n\u00edveis de autonomia e de responsabilidade de excel\u00eancia.<\/p>\n<p>&nbsp;<\/p>\n<p>O modelo de aprendizagem colaborativa, forma\u00e7\u00e3o-a\u00e7\u00e3o, constru\u00eddo em parceria com a Universidade de Aveiro e em materializa\u00e7\u00e3o no Campus Virtual da Academia dos CSP, afirmar-se como uma oportunidade para o desenvolvimento integrado de Cursos Avan\u00e7ados de Forma\u00e7\u00e3o (CAF), com carga hor\u00e1rio m\u00ednima de 30 horas, onde os Profissionais e Equipas dos CSP ser\u00e3o desafiados a partilhar e amadurecer pr\u00e1ticas bem-sucedidas.[\/vc_column_text][\/vc_column][vc_column width=&#8221;1\/2&#8243;][vc_images_carousel images=&#8221;247,248,249,250,252,253&#8243; img_size=&#8221;large&#8221; onclick=&#8221;link_no&#8221; speed=&#8221;3000&#8243; autoplay=&#8221;yes&#8221; hide_pagination_control=&#8221;yes&#8221; hide_prev_next_buttons=&#8221;yes&#8221; wrap=&#8221;yes&#8221;][\/vc_column][\/vc_row]<\/p>\n<\/div>","protected":false},"excerpt":{"rendered":"<p>[vc_row][vc_column width=&#8221;1\/2&#8243;][vc_column_text]A USF-AN assume a\u00a0ACADEMIA DOS CSP como principal atividade formativa, sendo esta\u00a0um espa\u00e7o colaborativo de aprendizagem, de cidadania, promotor do desenvolvimento e do reconhecimento dos conhecimentos, das qualifica\u00e7\u00f5es e&#8230;<\/p>\n","protected":false},"author":1,"featured_media":0,"parent":0,"menu_order":0,"comment_status":"closed","ping_status":"closed","template":"","meta":{"footnotes":""},"class_list":["post-9","page","type-page","status-publish","hentry"],"aioseo_notices":[],"_links":{"self":[{"href":"https:\/\/www.usf-an.pt\/academia-csp\/wp-json\/wp\/v2\/pages\/9","targetHints":{"allow":["GET"]}}],"collection":[{"href":"https:\/\/www.usf-an.pt\/academia-csp\/wp-json\/wp\/v2\/pages"}],"about":[{"href":"https:\/\/www.usf-an.pt\/academia-csp\/wp-json\/wp\/v2\/types\/page"}],"author":[{"embeddable":true,"href":"https:\/\/www.usf-an.pt\/academia-csp\/wp-json\/wp\/v2\/users\/1"}],"replies":[{"embeddable":true,"href":"https:\/\/www.usf-an.pt\/academia-csp\/wp-json\/wp\/v2\/comments?post=9"}],"version-history":[{"count":9,"href":"https:\/\/www.usf-an.pt\/academia-csp\/wp-json\/wp\/v2\/pages\/9\/revisions"}],"predecessor-version":[{"id":257,"href":"https:\/\/www.usf-an.pt\/academia-csp\/wp-json\/wp\/v2\/pages\/9\/revisions\/257"}],"wp:attachment":[{"href":"https:\/\/www.usf-an.pt\/academia-csp\/wp-json\/wp\/v2\/media?parent=9"}],"curies":[{"name":"wp","href":"https:\/\/api.w.org\/{rel}","templated":true}]}}

<div class="wpb-content-wrapper"><p>[vc_row][vc_column width=&#8221;1/2&#8243;][vc_column_text]A USF-AN assume a <strong>ACADEMIA DOS CSP como principal atividade formativa</strong>, sendo esta <strong>um espaço colaborativo de aprendizagem, de cidadania, promotor do desenvolvimento e do reconhecimento dos conhecimentos, das qualificações e das práticas dos Recursos Humanos e das Equipas dos CSP, nomeadamente das USF</strong>.</p>
<p>&nbsp;</p>
<p>A Academia dos CSP aposta na formação integral (humana, social e profissional) proporcionando oportunidades de maturação e crescimento dos Profissionais e das Equipas prestadoras de cuidados, acreditando que, por esta via, será possível alcançar níveis de autonomia e de responsabilidade de excelência.</p>
<p>&nbsp;</p>
<p>O modelo de aprendizagem colaborativa, formação-ação, construído em parceria com a Universidade de Aveiro e em materialização no Campus Virtual da Academia dos CSP, afirmar-se como uma oportunidade para o desenvolvimento integrado de Cursos Avançados de Formação (CAF), com carga horário mínima de 30 horas, onde os Profissionais e Equipas dos CSP serão desafiados a partilhar e amadurecer práticas bem-sucedidas.[/vc_column_text][/vc_column][vc_column width=&#8221;1/2&#8243;][vc_images_carousel images=&#8221;247,248,249,250,252,253&#8243; img_size=&#8221;large&#8221; onclick=&#8221;link_no&#8221; speed=&#8221;3000&#8243; autoplay=&#8221;yes&#8221; hide_pagination_control=&#8221;yes&#8221; hide_prev_next_buttons=&#8221;yes&#8221; wrap=&#8221;yes&#8221;][/vc_column][/vc_row]</p>
</div>

<p>[vc_row][vc_column width=&#8221;1/2&#8243;][vc_column_text]A USF-AN assume a ACADEMIA DOS CSP como principal atividade formativa, sendo esta um espaço colaborativo de aprendizagem, de cidadania, promotor do desenvolvimento e do reconhecimento dos conhecimentos, das qualificações e&#8230;</p>
