{"id":764,"date":"2022-03-10T16:28:11","date_gmt":"2022-03-10T15:28:11","guid":{"rendered":"https:\/\/www.usf-an.pt\/academia-csp\/?page_id=764"},"modified":"2022-05-26T10:01:21","modified_gmt":"2022-05-26T09:01:21","slug":"4a-edicao-2022","status":"publish","type":"page","link":"https:\/\/www.usf-an.pt\/academia-csp\/4a-edicao-2022\/","title":{"rendered":"4\u00aa Edi\u00e7\u00e3o 2022"},"content":{"rendered":"<p>Caro(a) Associado(a) e\/ou Profissional de Sa\u00fade,<\/p>\n<p>A Dire\u00e7\u00e3o da USF-AN e o N\u00facleo Executivo da Academia dos CSP v\u00eam por este meio comunicar o\u00a0<strong>adiamento da 4\u00aa Ed. da Academia dos CSP,\u00a0<\/strong>inicialmente marcada para os dias 30 de junho e 1 de julho de 2022, em Aveiro.<\/p>\n<p>Lamentamos a situa\u00e7\u00e3o e vamos trabalhar para que este compasso de espera permita adequar ainda mais a Academia dos CSP \u00e0s necessidades das equipas e em datas que permitam que mais profissionais a possam frequentar.<br \/>\nContamos muito em breve divulgar as novas datas.<\/p>\n<p>Vamos continuar a trabalhar neste espa\u00e7o formativo fundamental, pensando e desenvolvendo programas formativos que v\u00e3o ao encontro das necessidades sentidas no terreno.<\/p>\n<p>Gratos pela compreens\u00e3o.<\/p>\n","protected":false},"excerpt":{"rendered":"<p>Caro(a) Associado(a) e\/ou Profissional de Sa\u00fade, A Dire\u00e7\u00e3o da USF-AN e o N\u00facleo Executivo da Academia dos CSP v\u00eam por este meio comunicar o\u00a0adiamento da 4\u00aa Ed. da Academia dos&#8230;<\/p>\n","protected":false},"author":2,"featured_media":0,"parent":0,"menu_order":0,"comment_status":"closed","ping_status":"closed","template":"","meta":{"footnotes":""},"class_list":["post-764","page","type-page","status-publish","hentry"],"aioseo_notices":[],"_links":{"self":[{"href":"https:\/\/www.usf-an.pt\/academia-csp\/wp-json\/wp\/v2\/pages\/764","targetHints":{"allow":["GET"]}}],"collection":[{"href":"https:\/\/www.usf-an.pt\/academia-csp\/wp-json\/wp\/v2\/pages"}],"about":[{"href":"https:\/\/www.usf-an.pt\/academia-csp\/wp-json\/wp\/v2\/types\/page"}],"author":[{"embeddable":true,"href":"https:\/\/www.usf-an.pt\/academia-csp\/wp-json\/wp\/v2\/users\/2"}],"replies":[{"embeddable":true,"href":"https:\/\/www.usf-an.pt\/academia-csp\/wp-json\/wp\/v2\/comments?post=764"}],"version-history":[{"count":3,"href":"https:\/\/www.usf-an.pt\/academia-csp\/wp-json\/wp\/v2\/pages\/764\/revisions"}],"predecessor-version":[{"id":784,"href":"https:\/\/www.usf-an.pt\/academia-csp\/wp-json\/wp\/v2\/pages\/764\/revisions\/784"}],"wp:attachment":[{"href":"https:\/\/www.usf-an.pt\/academia-csp\/wp-json\/wp\/v2\/media?parent=764"}],"curies":[{"name":"wp","href":"https:\/\/api.w.org\/{rel}","templated":true}]}}

4ª Edição 2022

<p>Caro(a) Associado(a) e/ou Profissional de Saúde,</p>
<p>A Direção da USF-AN e o Núcleo Executivo da Academia dos CSP vêm por este meio comunicar o <strong>adiamento da 4ª Ed. da Academia dos CSP, </strong>inicialmente marcada para os dias 30 de junho e 1 de julho de 2022, em Aveiro.</p>
<p>Lamentamos a situação e vamos trabalhar para que este compasso de espera permita adequar ainda mais a Academia dos CSP às necessidades das equipas e em datas que permitam que mais profissionais a possam frequentar.<br />
Contamos muito em breve divulgar as novas datas.</p>
<p>Vamos continuar a trabalhar neste espaço formativo fundamental, pensando e desenvolvendo programas formativos que vão ao encontro das necessidades sentidas no terreno.</p>
<p>Gratos pela compreensão.</p>

<p>Caro(a) Associado(a) e/ou Profissional de Saúde, A Direção da USF-AN e o Núcleo Executivo da Academia dos CSP vêm por este meio comunicar o adiamento da 4ª Ed. da Academia dos&#8230;</p>
