{"id":7,"date":"2018-08-08T12:33:51","date_gmt":"2018-08-08T11:33:51","guid":{"rendered":"https:\/\/www.usf-an.pt\/academia-csp\/?page_id=7"},"modified":"2023-02-24T17:38:58","modified_gmt":"2023-02-24T16:38:58","slug":"home","status":"publish","type":"page","link":"https:\/\/www.usf-an.pt\/academia-csp\/","title":{"rendered":"Home"},"content":{"rendered":"<div class=\"wpb-content-wrapper\"><p>[vc_row css=&#8221;.vc_custom_1536233652451{margin-top: 0px !important;padding-top: 0px !important;}&#8221;][vc_column css=&#8221;.vc_custom_1536233624945{margin-top: 0px !important;padding-top: 0px !important;}&#8221;][rev_slider_vc alias=&#8221;home&#8221;][\/vc_column][\/vc_row][vc_row gap=&#8221;10&#8243; full_height=&#8221;yes&#8221; css=&#8221;.vc_custom_1536239413951{margin-top: 40px !important;}&#8221;][vc_column width=&#8221;1\/2&#8243;][vc_column_text css=&#8221;.vc_custom_1677258685926{margin-right: 10px !important;}&#8221;]Bem-vindos \u00e0 <strong>Academia dos CSP!<\/strong><\/p>\n<p>A Dire\u00e7\u00e3o da USF-AN e o N\u00facleo Executivo da Academia dos CSP v\u00eam por este meio comunicar que a atividade da Academia dos CSP est\u00e1 <strong>temporariamente suspensa<\/strong>.<\/p>\n<p>Estamos a trabalhar em novas parcerias e din\u00e2micas, pelo que assim que tivermos condi\u00e7\u00f5es retomaremos este projeto formativo. Neste momento n\u00e3o temos previs\u00e3o de datas para a sua realiza\u00e7\u00e3o.<\/p>\n<p>Lamentamos a situa\u00e7\u00e3o e informamos que estamos a trabalhar para que este compasso de espera permita adequar ainda mais a Academia dos CSP \u00e0s necessidades das equipas de sa\u00fade familiar.<\/p>\n<p>Toda a informa\u00e7\u00e3o que consta neste portal \u00e9 referente, \u00fanica e exclusivamente, a edi\u00e7\u00f5es anteriores, n\u00e3o se apresentando qualquer informa\u00e7\u00e3o sobre edi\u00e7\u00f5es futuras.<\/p>\n<p>Agradecemos a compreens\u00e3o. Brevemente teremos novidades![\/vc_column_text][\/vc_column][vc_column width=&#8221;1\/2&#8243;][vc_column_text]<iframe loading=\"lazy\" src=\"https:\/\/www.youtube.com\/embed\/xXVExcFF9qs?rel=0&amp;controls=0&amp;showinfo=0\" width=\"560\" height=\"315\" frameborder=\"0\" allowfullscreen=\"allowfullscreen\"><\/iframe>[\/vc_column_text][\/vc_column][\/vc_row][vc_row css=&#8221;.vc_custom_1539878643556{margin-top: 30px !important;}&#8221;][vc_column][vc_custom_heading text=&#8221;CURSOS EM DESTAQUE NA EDI\u00c7\u00c3O DE 2020&#8243; font_container=&#8221;tag:h3|text_align:center|color:%23ce151a&#8221; use_theme_fonts=&#8221;yes&#8221;][vc_row_inner gap=&#8221;10&#8243;][vc_column_inner width=&#8221;1\/5&#8243;][\/vc_column_inner][vc_column_inner el_class=&#8221;efeitoimg&#8221; width=&#8221;1\/5&#8243; css=&#8221;.vc_custom_1541438053595{margin-right: 10px !important;padding-right: 10px !important;}&#8221;][vc_column_text css=&#8221;.vc_custom_1581006959048{margin-right: 10px !important;}&#8221;]<a href=\"https:\/\/www.usf-an.pt\/academia-csp\/area\/organizacional\/\"><img loading=\"lazy\" decoding=\"async\" class=\"aligncenter wp-image-315 size-full\" src=\"https:\/\/www.usf-an.pt\/academia-csp\/wp-content\/uploads\/2018\/11\/governacao-clinica.png\" alt=\"\" width=\"401\" height=\"250\" srcset=\"https:\/\/www.usf-an.pt\/academia-csp\/wp-content\/uploads\/2018\/11\/governacao-clinica.png 401w, https:\/\/www.usf-an.pt\/academia-csp\/wp-content\/uploads\/2018\/11\/governacao-clinica-300x187.png 300w\" sizes=\"auto, (max-width: 401px) 100vw, 401px\" \/><\/a><\/p>\n<p style=\"text-align: center;\"><strong><em>BI CSP: BI Self service (powerBI &#8211; n\u00edvel iniciado e avan\u00e7ado)<br \/>\n<\/em><\/strong><\/p>\n<p>[\/vc_column_text][\/vc_column_inner][vc_column_inner el_class=&#8221;efeitoimg&#8221; width=&#8221;1\/5&#8243; css=&#8221;.vc_custom_1541438060023{margin-right: 10px !important;padding-right: 10px !important;}&#8221;][vc_column_text css=&#8221;.vc_custom_1581006889753{margin-right: 10px !important;}&#8221;]<\/p>\n<p style=\"text-align: center;\"><a href=\"https:\/\/www.usf-an.pt\/academia-csp\/comportamental\/fazer-o-plano-de-prevecao-da-violencia-no-local-trabalho-para-sua-unidade-numa-prespetiva-de-ciclo-vida\/\"><strong><img loading=\"lazy\" decoding=\"async\" class=\"alignnone size-medium wp-image-681\" src=\"https:\/\/www.usf-an.pt\/academia-csp\/wp-content\/uploads\/2020\/02\/prevencao-violencia-300x187.png\" alt=\"\" width=\"300\" height=\"187\" srcset=\"https:\/\/www.usf-an.pt\/academia-csp\/wp-content\/uploads\/2020\/02\/prevencao-violencia-300x187.png 300w, https:\/\/www.usf-an.pt\/academia-csp\/wp-content\/uploads\/2020\/02\/prevencao-violencia.png 401w\" sizes=\"auto, (max-width: 300px) 100vw, 300px\" \/><\/strong><\/a><\/p>\n<p style=\"text-align: center;\"><strong>Fazer o Plano de preven\u00e7\u00e3o da viol\u00eancia no local de trabalho para a sua unidade numa perspetiva de Ciclo de Vida<\/strong><\/p>\n<p>[\/vc_column_text][\/vc_column_inner][vc_column_inner el_class=&#8221;efeitoimg&#8221; width=&#8221;1\/5&#8243;][vc_column_text css=&#8221;.vc_custom_1581006873334{margin-right: 10px !important;}&#8221;]<\/p>\n<p style=\"text-align: center;\"><a href=\"https:\/\/www.usf-an.pt\/academia-csp\/comportamental\/eneagrama-e-equipas-saude-auto-conhecimento-como-ferramenta-gestao-conflitos-e-potenciacao-trabalho-equipa\/\"><strong><em><img loading=\"lazy\" decoding=\"async\" class=\"alignnone size-medium wp-image-312\" src=\"https:\/\/www.usf-an.pt\/academia-csp\/wp-content\/uploads\/2018\/11\/coaching-300x187.png\" alt=\"\" width=\"300\" height=\"187\" srcset=\"https:\/\/www.usf-an.pt\/academia-csp\/wp-content\/uploads\/2018\/11\/coaching-300x187.png 300w, https:\/\/www.usf-an.pt\/academia-csp\/wp-content\/uploads\/2018\/11\/coaching.png 401w\" sizes=\"auto, (max-width: 300px) 100vw, 300px\" \/><\/em><\/strong><\/a><\/p>\n<p style=\"text-align: center;\"><strong><em>Eneagrama e equipas de sa\u00fade: auto-conhecimento como ferramenta para gest\u00e3o de conflitos e potencia\u00e7\u00e3o do trabalho em equipa<\/em><\/strong><\/p>\n<p>[\/vc_column_text][\/vc_column_inner][vc_column_inner width=&#8221;1\/5&#8243;][\/vc_column_inner][\/vc_row_inner][\/vc_column][\/vc_row][vc_row css=&#8221;.vc_custom_1536248078851{margin-top: 30px !important;}&#8221;][vc_column][vc_custom_heading text=&#8221;\u00c1REAS FORMATIVAS&#8221; font_container=&#8221;tag:h3|text_align:center|color:%23ce151a&#8221; use_theme_fonts=&#8221;yes&#8221;][vc_row_inner gap=&#8221;20&#8243;][vc_column_inner width=&#8221;1\/5&#8243;][\/vc_column_inner][vc_column_inner width=&#8221;1\/5&#8243;][vc_hoverbox image=&#8221;192&#8243; primary_title=&#8221;T\u00e9cnico-Cient\u00edfica&#8221; primary_title_font_container=&#8221;font_size:15&#8243; primary_title_use_theme_fonts=&#8221;yes&#8221; hover_title=&#8221;&#8221; hover_btn_title=&#8221;Saber mais&#8221; hover_btn_color=&#8221;danger&#8221; use_custom_fonts_primary_title=&#8221;true&#8221; hover_add_button=&#8221;true&#8221; hover_btn_link=&#8221;url:https%3A%2F%2Fwww.usf-an.pt%2Facademia-csp%2Farea%2Ftecnico-cientifica%2F|||&#8221; primary_title_link=&#8221;url:https%3A%2F%2Fwww.usf-an.pt%2Facademia-csp%2Farea%2Ftecnico-cientifica%2F|||&#8221; primary_title_el_class=&#8221;titulocurso&#8221; css=&#8221;.vc_custom_1539947313591{padding-right: 20px !important;}&#8221;]<strong>T\u00e9cnico-Cient\u00edfica<\/strong>[\/vc_hoverbox][\/vc_column_inner][vc_column_inner width=&#8221;1\/5&#8243;][vc_hoverbox image=&#8221;195&#8243; primary_title=&#8221;Comportamental&#8221; primary_title_font_container=&#8221;font_size:15&#8243; primary_title_use_theme_fonts=&#8221;yes&#8221; hover_title=&#8221;&#8221; hover_btn_title=&#8221;Saber mais&#8221; hover_btn_color=&#8221;danger&#8221; use_custom_fonts_primary_title=&#8221;true&#8221; hover_add_button=&#8221;true&#8221; hover_btn_link=&#8221;url:https%3A%2F%2Fwww.usf-an.pt%2Facademia-csp%2Farea%2Fcomportamental%2F|||&#8221; primary_title_link=&#8221;url:https%3A%2F%2Fwww.usf-an.pt%2Facademia-csp%2Farea%2Fcomportamental%2F|||&#8221; primary_title_el_class=&#8221;titulocurso&#8221; css=&#8221;.vc_custom_1539947331520{padding-right: 20px !important;}&#8221;]<strong>Comportamental<\/strong>[\/vc_hoverbox][\/vc_column_inner][vc_column_inner width=&#8221;1\/5&#8243;][vc_hoverbox image=&#8221;196&#8243; primary_title=&#8221;Organizacional&#8221; primary_title_font_container=&#8221;font_size:15&#8243; primary_title_use_theme_fonts=&#8221;yes&#8221; hover_title=&#8221;&#8221; hover_btn_title=&#8221;Saber mais&#8221; hover_btn_color=&#8221;danger&#8221; use_custom_fonts_primary_title=&#8221;true&#8221; hover_add_button=&#8221;true&#8221; hover_btn_link=&#8221;url:https%3A%2F%2Fwww.usf-an.pt%2Facademia-csp%2Farea%2Forganizacional%2F|||&#8221; primary_title_link=&#8221;url:https%3A%2F%2Fwww.usf-an.pt%2Facademia-csp%2Farea%2Forganizacional%2F|||&#8221; primary_title_el_class=&#8221;titulocurso&#8221;]<strong>Organizacional<\/strong>[\/vc_hoverbox][\/vc_column_inner][vc_column_inner width=&#8221;1\/5&#8243;][\/vc_column_inner][\/vc_row_inner][\/vc_column][\/vc_row][vc_row css=&#8221;.vc_custom_1536248085886{margin-top: 30px !important;}&#8221;][vc_column][vc_custom_heading text=&#8221;N\u00daCLEO EXECUTIVO DA ACSP&#8221; font_container=&#8221;tag:h3|text_align:center|color:%23ce151a&#8221; use_theme_fonts=&#8221;yes&#8221;][vc_row_inner][vc_column_inner el_class=&#8221;efeitoimg&#8221; width=&#8221;1\/5&#8243;][vc_column_text]<\/p>\n<p style=\"text-align: center;\"><a href=\"https:\/\/www.usf-an.pt\/academia-csp\/joao-rodrigues\/\"><img loading=\"lazy\" decoding=\"async\" class=\"aligncenter size-thumbnail wp-image-86\" src=\"https:\/\/www.usf-an.pt\/academia-csp\/wp-content\/uploads\/2018\/09\/joao-rodrigues-avatar-150x150.png\" alt=\"\" width=\"150\" height=\"150\" srcset=\"https:\/\/www.usf-an.pt\/academia-csp\/wp-content\/uploads\/2018\/09\/joao-rodrigues-avatar-150x150.png 150w, https:\/\/www.usf-an.pt\/academia-csp\/wp-content\/uploads\/2018\/09\/joao-rodrigues-avatar.png 300w\" sizes=\"auto, (max-width: 150px) 100vw, 150px\" \/><\/a><\/p>\n<p style=\"text-align: center;\"><strong>Jo\u00e3o Rodrigues<\/strong><\/p>\n<p>[\/vc_column_text][\/vc_column_inner][vc_column_inner el_class=&#8221;efeitoimg&#8221; width=&#8221;1\/5&#8243;][vc_column_text]<\/p>\n<p style=\"text-align: center;\"><a href=\"https:\/\/www.usf-an.pt\/academia-csp\/diogo-urjais\/\"><img loading=\"lazy\" decoding=\"async\" class=\"aligncenter wp-image-424 size-thumbnail\" src=\"https:\/\/www.usf-an.pt\/academia-csp\/wp-content\/uploads\/2018\/11\/DU-150x150.png\" alt=\"\" width=\"150\" height=\"150\" srcset=\"https:\/\/www.usf-an.pt\/academia-csp\/wp-content\/uploads\/2018\/11\/DU-150x150.png 150w, https:\/\/www.usf-an.pt\/academia-csp\/wp-content\/uploads\/2018\/11\/DU-300x299.png 300w, https:\/\/www.usf-an.pt\/academia-csp\/wp-content\/uploads\/2018\/11\/DU.png 301w\" sizes=\"auto, (max-width: 150px) 100vw, 150px\" \/><\/a><\/p>\n<p style=\"text-align: center;\"><strong>Diogo Urjais<\/strong><\/p>\n<p>[\/vc_column_text][\/vc_column_inner][vc_column_inner el_class=&#8221;efeitoimg&#8221; width=&#8221;1\/5&#8243;][vc_column_text]<\/p>\n<p style=\"text-align: center;\"><a href=\"https:\/\/www.usf-an.pt\/academia-csp\/paulo-santos\/\"><img loading=\"lazy\" decoding=\"async\" class=\"aligncenter wp-image-190 size-thumbnail\" src=\"https:\/\/www.usf-an.pt\/academia-csp\/wp-content\/uploads\/2018\/10\/PS-150x150.png\" alt=\"\" width=\"150\" height=\"150\" srcset=\"https:\/\/www.usf-an.pt\/academia-csp\/wp-content\/uploads\/2018\/10\/PS-150x150.png 150w, https:\/\/www.usf-an.pt\/academia-csp\/wp-content\/uploads\/2018\/10\/PS-300x299.png 300w, https:\/\/www.usf-an.pt\/academia-csp\/wp-content\/uploads\/2018\/10\/PS.png 301w\" sizes=\"auto, (max-width: 150px) 100vw, 150px\" \/><\/a><\/p>\n<p style=\"text-align: center;\"><strong>Paulo Santos<\/strong><\/p>\n<p>[\/vc_column_text][\/vc_column_inner][vc_column_inner el_class=&#8221;efeitoimg&#8221; width=&#8221;1\/5&#8243;][vc_column_text]<\/p>\n<p style=\"text-align: center;\"><a href=\"https:\/\/www.usf-an.pt\/academia-csp\/cristina-afonso\/\"><img loading=\"lazy\" decoding=\"async\" class=\"aligncenter wp-image-184 size-thumbnail\" src=\"https:\/\/www.usf-an.pt\/academia-csp\/wp-content\/uploads\/2018\/10\/CA-150x150.png\" alt=\"\" width=\"150\" height=\"150\" srcset=\"https:\/\/www.usf-an.pt\/academia-csp\/wp-content\/uploads\/2018\/10\/CA-150x150.png 150w, https:\/\/www.usf-an.pt\/academia-csp\/wp-content\/uploads\/2018\/10\/CA-300x299.png 300w, https:\/\/www.usf-an.pt\/academia-csp\/wp-content\/uploads\/2018\/10\/CA.png 301w\" sizes=\"auto, (max-width: 150px) 100vw, 150px\" \/><\/a><\/p>\n<p style=\"text-align: center;\"><strong>Cristina Afonso<\/strong><\/p>\n<p>[\/vc_column_text][\/vc_column_inner][vc_column_inner el_class=&#8221;efeitoimg&#8221; width=&#8221;1\/5&#8243;][vc_column_text]<\/p>\n<p style=\"text-align: center;\"><a href=\"https:\/\/www.usf-an.pt\/academia-csp\/mario-rua\/\"><img loading=\"lazy\" decoding=\"async\" class=\"aligncenter wp-image-188 size-thumbnail\" src=\"https:\/\/www.usf-an.pt\/academia-csp\/wp-content\/uploads\/2018\/10\/MR-150x150.png\" alt=\"\" width=\"150\" height=\"150\" srcset=\"https:\/\/www.usf-an.pt\/academia-csp\/wp-content\/uploads\/2018\/10\/MR-150x150.png 150w, https:\/\/www.usf-an.pt\/academia-csp\/wp-content\/uploads\/2018\/10\/MR-300x299.png 300w, https:\/\/www.usf-an.pt\/academia-csp\/wp-content\/uploads\/2018\/10\/MR.png 301w\" sizes=\"auto, (max-width: 150px) 100vw, 150px\" \/><\/a><\/p>\n<p style=\"text-align: center;\"><strong>M\u00e1rio Rua<\/strong><\/p>\n<p>[\/vc_column_text][\/vc_column_inner][\/vc_row_inner][vc_row_inner][vc_column_inner el_class=&#8221;efeitoimg&#8221; width=&#8221;1\/5&#8243;][vc_column_text]<\/p>\n<p style=\"text-align: center;\"><a href=\"https:\/\/www.usf-an.pt\/academia-csp\/denise-alexandra\/\"><img loading=\"lazy\" decoding=\"async\" class=\"aligncenter wp-image-186 size-thumbnail\" src=\"https:\/\/www.usf-an.pt\/academia-csp\/wp-content\/uploads\/2018\/10\/DENISE-150x150.png\" alt=\"\" width=\"150\" height=\"150\" srcset=\"https:\/\/www.usf-an.pt\/academia-csp\/wp-content\/uploads\/2018\/10\/DENISE-150x150.png 150w, https:\/\/www.usf-an.pt\/academia-csp\/wp-content\/uploads\/2018\/10\/DENISE-300x299.png 300w, https:\/\/www.usf-an.pt\/academia-csp\/wp-content\/uploads\/2018\/10\/DENISE.png 301w\" sizes=\"auto, (max-width: 150px) 100vw, 150px\" \/><\/a><\/p>\n<p style=\"text-align: center;\"><strong>Denise Alexandra<\/strong><\/p>\n<p>[\/vc_column_text][\/vc_column_inner][vc_column_inner el_class=&#8221;efeitoimg&#8221; width=&#8221;1\/5&#8243;][vc_column_text]<\/p>\n<p style=\"text-align: center;\"><a href=\"https:\/\/www.usf-an.pt\/academia-csp\/tito-fernandes\/\"><img loading=\"lazy\" decoding=\"async\" class=\"alignnone wp-image-458 size-thumbnail\" src=\"https:\/\/www.usf-an.pt\/academia-csp\/wp-content\/uploads\/2018\/11\/Tito-150x150.png\" alt=\"\" width=\"150\" height=\"150\" srcset=\"https:\/\/www.usf-an.pt\/academia-csp\/wp-content\/uploads\/2018\/11\/Tito-150x150.png 150w, https:\/\/www.usf-an.pt\/academia-csp\/wp-content\/uploads\/2018\/11\/Tito-300x299.png 300w, https:\/\/www.usf-an.pt\/academia-csp\/wp-content\/uploads\/2018\/11\/Tito.png 301w\" sizes=\"auto, (max-width: 150px) 100vw, 150px\" \/><\/a><\/p>\n<p style=\"text-align: center;\"><strong>Tito Fernandes<\/strong><\/p>\n<p>[\/vc_column_text][\/vc_column_inner][vc_column_inner el_class=&#8221;efeitoimg&#8221; width=&#8221;1\/5&#8243;][vc_column_text]<\/p>\n<p style=\"text-align: center;\"><a href=\"https:\/\/www.usf-an.pt\/academia-csp\/octavio-fonseca\/\"><img loading=\"lazy\" decoding=\"async\" class=\"aligncenter wp-image-189 size-thumbnail\" src=\"https:\/\/www.usf-an.pt\/academia-csp\/wp-content\/uploads\/2018\/10\/OF-150x150.png\" alt=\"\" width=\"150\" height=\"150\" srcset=\"https:\/\/www.usf-an.pt\/academia-csp\/wp-content\/uploads\/2018\/10\/OF-150x150.png 150w, https:\/\/www.usf-an.pt\/academia-csp\/wp-content\/uploads\/2018\/10\/OF-300x299.png 300w, https:\/\/www.usf-an.pt\/academia-csp\/wp-content\/uploads\/2018\/10\/OF.png 301w\" sizes=\"auto, (max-width: 150px) 100vw, 150px\" \/><\/a><\/p>\n<p style=\"text-align: center;\"><strong>Oct\u00e1vio Fonseca<\/strong><\/p>\n<p>[\/vc_column_text][\/vc_column_inner][vc_column_inner el_class=&#8221;efeitoimg&#8221; width=&#8221;1\/5&#8243;][vc_column_text]<\/p>\n<p style=\"text-align: center;\"><a href=\"https:\/\/www.usf-an.pt\/academia-csp\/maria-joao-marques\/\"><img loading=\"lazy\" decoding=\"async\" class=\"alignnone wp-image-486 size-thumbnail\" src=\"https:\/\/www.usf-an.pt\/academia-csp\/wp-content\/uploads\/2018\/11\/mjmarques-150x150.png\" alt=\"\" width=\"150\" height=\"150\" srcset=\"https:\/\/www.usf-an.pt\/academia-csp\/wp-content\/uploads\/2018\/11\/mjmarques-150x150.png 150w, https:\/\/www.usf-an.pt\/academia-csp\/wp-content\/uploads\/2018\/11\/mjmarques-300x299.png 300w, https:\/\/www.usf-an.pt\/academia-csp\/wp-content\/uploads\/2018\/11\/mjmarques.png 301w\" sizes=\"auto, (max-width: 150px) 100vw, 150px\" \/><\/a><\/p>\n<p style=\"text-align: center;\"><strong>Maria Jo\u00e3o Marques<\/strong><\/p>\n<p>[\/vc_column_text][\/vc_column_inner][vc_column_inner el_class=&#8221;efeitoimg&#8221; width=&#8221;1\/5&#8243;][vc_column_text]<\/p>\n<p style=\"text-align: center;\"><a href=\"https:\/\/www.usf-an.pt\/academia-csp\/maria-do-carmo-neves\/\"><img loading=\"lazy\" decoding=\"async\" class=\"aligncenter wp-image-185 size-thumbnail\" src=\"https:\/\/www.usf-an.pt\/academia-csp\/wp-content\/uploads\/2018\/10\/CN-150x150.png\" alt=\"\" width=\"150\" height=\"150\" srcset=\"https:\/\/www.usf-an.pt\/academia-csp\/wp-content\/uploads\/2018\/10\/CN-150x150.png 150w, https:\/\/www.usf-an.pt\/academia-csp\/wp-content\/uploads\/2018\/10\/CN-300x299.png 300w, https:\/\/www.usf-an.pt\/academia-csp\/wp-content\/uploads\/2018\/10\/CN.png 301w\" sizes=\"auto, (max-width: 150px) 100vw, 150px\" \/><\/a><\/p>\n<p style=\"text-align: center;\"><strong>M\u00aa Carmo Neves da Silva<br \/>\n<\/strong><\/p>\n<p>[\/vc_column_text][\/vc_column_inner][\/vc_row_inner][vc_row_inner][vc_column_inner width=&#8221;1\/5&#8243;][\/vc_column_inner][vc_column_inner el_class=&#8221;efeitoimg&#8221; width=&#8221;1\/5&#8243;][vc_column_text]<\/p>\n<p style=\"text-align: center;\"><a href=\"https:\/\/www.usf-an.pt\/academia-csp\/andre-vieira-da-silva\/\"><img loading=\"lazy\" decoding=\"async\" class=\"aligncenter wp-image-371 size-thumbnail\" src=\"https:\/\/www.usf-an.pt\/academia-csp\/wp-content\/uploads\/2018\/11\/andre-150x150.png\" alt=\"\" width=\"150\" height=\"150\" srcset=\"https:\/\/www.usf-an.pt\/academia-csp\/wp-content\/uploads\/2018\/11\/andre-150x150.png 150w, https:\/\/www.usf-an.pt\/academia-csp\/wp-content\/uploads\/2018\/11\/andre-300x299.png 300w, https:\/\/www.usf-an.pt\/academia-csp\/wp-content\/uploads\/2018\/11\/andre.png 301w\" sizes=\"auto, (max-width: 150px) 100vw, 150px\" \/><\/a><\/p>\n<p style=\"text-align: center;\"><strong>Andr\u00e9 Vieira da Silva (Gestor Interno)<\/strong><\/p>\n<p>[\/vc_column_text][\/vc_column_inner][vc_column_inner el_class=&#8221;efeitoimg&#8221; width=&#8221;1\/5&#8243;][\/vc_column_inner][vc_column_inner el_class=&#8221;efeitoimg&#8221; width=&#8221;1\/5&#8243;][vc_column_text]<\/p>\n<p style=\"text-align: center;\"><a href=\"https:\/\/www.usf-an.pt\/academia-csp\/carlos-filipe-santos\/\"><img loading=\"lazy\" decoding=\"async\" class=\"alignnone wp-image-477 size-thumbnail\" src=\"https:\/\/www.usf-an.pt\/academia-csp\/wp-content\/uploads\/2018\/11\/Carlos-150x150.png\" alt=\"\" width=\"150\" height=\"150\" srcset=\"https:\/\/www.usf-an.pt\/academia-csp\/wp-content\/uploads\/2018\/11\/Carlos-150x150.png 150w, https:\/\/www.usf-an.pt\/academia-csp\/wp-content\/uploads\/2018\/11\/Carlos-300x299.png 300w, https:\/\/www.usf-an.pt\/academia-csp\/wp-content\/uploads\/2018\/11\/Carlos.png 301w\" sizes=\"auto, (max-width: 150px) 100vw, 150px\" \/><\/a><\/p>\n<p style=\"text-align: center;\"><strong>Carlos Filipe Santos (Assistente Criativo)<\/strong><\/p>\n<p>[\/vc_column_text][\/vc_column_inner][vc_column_inner width=&#8221;1\/5&#8243;][\/vc_column_inner][\/vc_row_inner][\/vc_column][\/vc_row][vc_row css=&#8221;.vc_custom_1536247820660{margin-top: 30px !important;}&#8221;][vc_column][vc_custom_heading text=&#8221;PARCEIROS&#8221; font_container=&#8221;tag:h3|text_align:center|color:%23ce151a&#8221; use_theme_fonts=&#8221;yes&#8221;][vc_column_text]<\/p>\n<div align=\"center\"><img loading=\"lazy\" decoding=\"async\" class=\"alignnone size-full wp-image-62\" src=\"https:\/\/www.usf-an.pt\/academia-csp\/wp-content\/uploads\/2018\/09\/logoua.png\" alt=\"\" width=\"250\" height=\"62\" \/><\/div>\n<p>[\/vc_column_text][vc_column_text][\/vc_column_text][\/vc_column][\/vc_row]<\/p>\n<\/div>","protected":false},"excerpt":{"rendered":"<p>[vc_row css=&#8221;.vc_custom_1536233652451{margin-top: 0px !important;padding-top: 0px !important;}&#8221;][vc_column css=&#8221;.vc_custom_1536233624945{margin-top: 0px !important;padding-top: 0px !important;}&#8221;][rev_slider_vc alias=&#8221;home&#8221;][\/vc_column][\/vc_row][vc_row gap=&#8221;10&#8243; full_height=&#8221;yes&#8221; css=&#8221;.vc_custom_1536239413951{margin-top: 40px !important;}&#8221;][vc_column width=&#8221;1\/2&#8243;][vc_column_text css=&#8221;.vc_custom_1677258685926{margin-right: 10px !important;}&#8221;]Bem-vindos \u00e0 Academia dos CSP! A Dire\u00e7\u00e3o da USF-AN e&#8230;<\/p>\n","protected":false},"author":1,"featured_media":0,"parent":0,"menu_order":0,"comment_status":"closed","ping_status":"closed","template":"","meta":{"footnotes":""},"class_list":["post-7","page","type-page","status-publish","hentry"],"aioseo_notices":[],"_links":{"self":[{"href":"https:\/\/www.usf-an.pt\/academia-csp\/wp-json\/wp\/v2\/pages\/7","targetHints":{"allow":["GET"]}}],"collection":[{"href":"https:\/\/www.usf-an.pt\/academia-csp\/wp-json\/wp\/v2\/pages"}],"about":[{"href":"https:\/\/www.usf-an.pt\/academia-csp\/wp-json\/wp\/v2\/types\/page"}],"author":[{"embeddable":true,"href":"https:\/\/www.usf-an.pt\/academia-csp\/wp-json\/wp\/v2\/users\/1"}],"replies":[{"embeddable":true,"href":"https:\/\/www.usf-an.pt\/academia-csp\/wp-json\/wp\/v2\/comments?post=7"}],"version-history":[{"count":5,"href":"https:\/\/www.usf-an.pt\/academia-csp\/wp-json\/wp\/v2\/pages\/7\/revisions"}],"predecessor-version":[{"id":787,"href":"https:\/\/www.usf-an.pt\/academia-csp\/wp-json\/wp\/v2\/pages\/7\/revisions\/787"}],"wp:attachment":[{"href":"https:\/\/www.usf-an.pt\/academia-csp\/wp-json\/wp\/v2\/media?parent=7"}],"curies":[{"name":"wp","href":"https:\/\/api.w.org\/{rel}","templated":true}]}}