{"id":602,"date":"2019-08-20T17:31:44","date_gmt":"2019-08-20T16:31:44","guid":{"rendered":"https:\/\/www.usf-an.pt\/academia-csp\/?page_id=602"},"modified":"2019-10-26T12:29:06","modified_gmt":"2019-10-26T11:29:06","slug":"ed-vila-real-2019","status":"publish","type":"page","link":"https:\/\/www.usf-an.pt\/academia-csp\/ed-vila-real-2019\/","title":{"rendered":"Ed. Vila Real 2019"},"content":{"rendered":"<div class=\"wpb-content-wrapper\"><p>[vc_row][vc_column][vc_column_text]<img loading=\"lazy\" decoding=\"async\" class=\"alignnone wp-image-629 size-full\" src=\"https:\/\/www.usf-an.pt\/academia-csp\/wp-content\/uploads\/2019\/10\/banner-acsp-vr-clean.png\" alt=\"\" width=\"5159\" height=\"1371\" srcset=\"https:\/\/www.usf-an.pt\/academia-csp\/wp-content\/uploads\/2019\/10\/banner-acsp-vr-clean.png 5159w, https:\/\/www.usf-an.pt\/academia-csp\/wp-content\/uploads\/2019\/10\/banner-acsp-vr-clean-300x80.png 300w, https:\/\/www.usf-an.pt\/academia-csp\/wp-content\/uploads\/2019\/10\/banner-acsp-vr-clean-768x204.png 768w, https:\/\/www.usf-an.pt\/academia-csp\/wp-content\/uploads\/2019\/10\/banner-acsp-vr-clean-1024x272.png 1024w\" sizes=\"auto, (max-width: 5159px) 100vw, 5159px\" \/>[\/vc_column_text][\/vc_column][\/vc_row][vc_row][vc_column][vc_column_text]Foi com enorme satisfa\u00e7\u00e3o que a USF-AN realizou mais uma edi\u00e7\u00e3o da Academia dos CSP, desenvolvendo apenas 2 CAF (Cursos Avan\u00e7ados de Forma\u00e7\u00e3o). Nos\u00a0dias <strong>25 e 26 de outubro de 2019<\/strong>\u00a0construimos um espa\u00e7o formativo de excel\u00eancia na <strong>Escola Superior de Enfermagem da Universidade de Tr\u00e1s-os-Montes e Alto Douro<\/strong> (UTAD), onde reunimos cerca de <strong>50 profissionais<\/strong> de diferentes Unidades..<\/p>\n<p>Esta edi\u00e7\u00e3o foi realizada devido \u00e0 demonstra\u00e7\u00e3o de interesse sentida nesta zona geogr\u00e1fica, nomeadamente pelos seguintes CAF:<\/p>\n<ul>\n<li><a href=\"https:\/\/www.usf-an.pt\/academia-csp\/organizacional\/bi-csp-governacao-clinica-pauf-contratualizacao-monitorizacao-e-tratamento-de-dados\/\" data-cke-saved-href=\"https:\/\/www.usf-an.pt\/academia-csp\/organizacional\/bi-csp-governacao-clinica-pauf-contratualizacao-monitorizacao-e-tratamento-de-dados\/\"><strong>BI-CSP \u2013 Governa\u00e7\u00e3o Cl\u00ednica, PAUF, Contratualiza\u00e7\u00e3o, Monitoriza\u00e7\u00e3o e Tratamento de dados<\/strong><\/a><\/li>\n<li><a href=\"https:\/\/www.usf-an.pt\/academia-csp\/tecnico-cientifica\/humanizacao-e-organizacao-do-secretariado-clinico-numa-usf\/\" data-cke-saved-href=\"https:\/\/www.usf-an.pt\/academia-csp\/tecnico-cientifica\/humanizacao-e-organizacao-do-secretariado-clinico-numa-usf\/\"><strong>Humaniza\u00e7\u00e3o e Organiza\u00e7\u00e3o do SC<\/strong><\/a><\/li>\n<\/ul>\n<p>Acreditamos que este espa\u00e7o formativo foi, novamente e \u00e0 semelhan\u00e7a das edi\u00e7\u00f5es anteriores, incontorn\u00e1vel e \u00fanico nos CSP. Teve uma dimens\u00e3o multiprofissional e transgeracional, e contou com a participa\u00e7\u00e3o de v\u00e1rios profissionais M\u00e9dicos, Enfermeiros e Secret\u00e1rios Cl\u00ednicos.<\/p>\n<p>Agradecemos a participa\u00e7\u00e3o de todos(as).<\/p>\n<p>Agradecemos igualmente \u00e0\u00a0<strong>Escola Superior de Enfermagem da Universidade de Tr\u00e1s-os-Montes e Alto Douro<\/strong> (UTAD) pela colabora\u00e7\u00e3o na organiza\u00e7\u00e3o desta iniciativa.<\/p>\n<p>Recorde alguns momentos!<\/p>\n<p><em>\u00abInvista em si, invista na sua equipa!\u00bb<\/em>[\/vc_column_text][\/vc_column][\/vc_row][vc_row][vc_column][vc_images_carousel images=&#8221;633,634,642,641,640,639,638,637,636&#8243; img_size=&#8221;large&#8221; autoplay=&#8221;yes&#8221; wrap=&#8221;yes&#8221; title=&#8221;Galeria&#8221;][\/vc_column][\/vc_row]<\/p>\n<\/div>","protected":false},"excerpt":{"rendered":"<p>[vc_row][vc_column][vc_column_text][\/vc_column_text][\/vc_column][\/vc_row][vc_row][vc_column][vc_column_text]Foi com enorme satisfa\u00e7\u00e3o que a USF-AN realizou mais uma edi\u00e7\u00e3o da Academia dos CSP, desenvolvendo apenas 2 CAF (Cursos Avan\u00e7ados de Forma\u00e7\u00e3o). Nos\u00a0dias 25 e 26 de outubro de&#8230;<\/p>\n","protected":false},"author":2,"featured_media":0,"parent":0,"menu_order":0,"comment_status":"closed","ping_status":"closed","template":"","meta":{"footnotes":""},"class_list":["post-602","page","type-page","status-publish","hentry"],"aioseo_notices":[],"_links":{"self":[{"href":"https:\/\/www.usf-an.pt\/academia-csp\/wp-json\/wp\/v2\/pages\/602","targetHints":{"allow":["GET"]}}],"collection":[{"href":"https:\/\/www.usf-an.pt\/academia-csp\/wp-json\/wp\/v2\/pages"}],"about":[{"href":"https:\/\/www.usf-an.pt\/academia-csp\/wp-json\/wp\/v2\/types\/page"}],"author":[{"embeddable":true,"href":"https:\/\/www.usf-an.pt\/academia-csp\/wp-json\/wp\/v2\/users\/2"}],"replies":[{"embeddable":true,"href":"https:\/\/www.usf-an.pt\/academia-csp\/wp-json\/wp\/v2\/comments?post=602"}],"version-history":[{"count":3,"href":"https:\/\/www.usf-an.pt\/academia-csp\/wp-json\/wp\/v2\/pages\/602\/revisions"}],"predecessor-version":[{"id":644,"href":"https:\/\/www.usf-an.pt\/academia-csp\/wp-json\/wp\/v2\/pages\/602\/revisions\/644"}],"wp:attachment":[{"href":"https:\/\/www.usf-an.pt\/academia-csp\/wp-json\/wp\/v2\/media?parent=602"}],"curies":[{"name":"wp","href":"https:\/\/api.w.org\/{rel}","templated":true}]}}

<div class="wpb-content-wrapper"><p>[vc_row][vc_column][vc_column_text]<img loading="lazy" decoding="async" class="alignnone wp-image-629 size-full" src="https://www.usf-an.pt/academia-csp/wp-content/uploads/2019/10/banner-acsp-vr-clean.png" alt="" width="5159" height="1371" srcset="https://www.usf-an.pt/academia-csp/wp-content/uploads/2019/10/banner-acsp-vr-clean.png 5159w, https://www.usf-an.pt/academia-csp/wp-content/uploads/2019/10/banner-acsp-vr-clean-300x80.png 300w, https://www.usf-an.pt/academia-csp/wp-content/uploads/2019/10/banner-acsp-vr-clean-768x204.png 768w, https://www.usf-an.pt/academia-csp/wp-content/uploads/2019/10/banner-acsp-vr-clean-1024x272.png 1024w" sizes="auto, (max-width: 5159px) 100vw, 5159px" />[/vc_column_text][/vc_column][/vc_row][vc_row][vc_column][vc_column_text]Foi com enorme satisfação que a USF-AN realizou mais uma edição da Academia dos CSP, desenvolvendo apenas 2 CAF (Cursos Avançados de Formação). Nos dias <strong>25 e 26 de outubro de 2019</strong> construimos um espaço formativo de excelência na <strong>Escola Superior de Enfermagem da Universidade de Trás-os-Montes e Alto Douro</strong> (UTAD), onde reunimos cerca de <strong>50 profissionais</strong> de diferentes Unidades..</p>
<p>Esta edição foi realizada devido à demonstração de interesse sentida nesta zona geográfica, nomeadamente pelos seguintes CAF:</p>
<ul>
<li><a href="https://www.usf-an.pt/academia-csp/organizacional/bi-csp-governacao-clinica-pauf-contratualizacao-monitorizacao-e-tratamento-de-dados/" data-cke-saved-href="https://www.usf-an.pt/academia-csp/organizacional/bi-csp-governacao-clinica-pauf-contratualizacao-monitorizacao-e-tratamento-de-dados/"><strong>BI-CSP – Governação Clínica, PAUF, Contratualização, Monitorização e Tratamento de dados</strong></a></li>
<li><a href="https://www.usf-an.pt/academia-csp/tecnico-cientifica/humanizacao-e-organizacao-do-secretariado-clinico-numa-usf/" data-cke-saved-href="https://www.usf-an.pt/academia-csp/tecnico-cientifica/humanizacao-e-organizacao-do-secretariado-clinico-numa-usf/"><strong>Humanização e Organização do SC</strong></a></li>
</ul>
<p>Acreditamos que este espaço formativo foi, novamente e à semelhança das edições anteriores, incontornável e único nos CSP. Teve uma dimensão multiprofissional e transgeracional, e contou com a participação de vários profissionais Médicos, Enfermeiros e Secretários Clínicos.</p>
<p>Agradecemos a participação de todos(as).</p>
<p>Agradecemos igualmente à <strong>Escola Superior de Enfermagem da Universidade de Trás-os-Montes e Alto Douro</strong> (UTAD) pela colaboração na organização desta iniciativa.</p>
<p>Recorde alguns momentos!</p>
<p><em>«Invista em si, invista na sua equipa!»</em>[/vc_column_text][/vc_column][/vc_row][vc_row][vc_column][vc_images_carousel images=&#8221;633,634,642,641,640,639,638,637,636&#8243; img_size=&#8221;large&#8221; autoplay=&#8221;yes&#8221; wrap=&#8221;yes&#8221; title=&#8221;Galeria&#8221;][/vc_column][/vc_row]</p>
</div>

<p>[vc_row][vc_column][vc_column_text][/vc_column_text][/vc_column][/vc_row][vc_row][vc_column][vc_column_text]Foi com enorme satisfação que a USF-AN realizou mais uma edição da Academia dos CSP, desenvolvendo apenas 2 CAF (Cursos Avançados de Formação). Nos dias 25 e 26 de outubro de&#8230;</p>
