{"id":453,"date":"2018-11-12T13:27:17","date_gmt":"2018-11-12T12:27:17","guid":{"rendered":"https:\/\/www.usf-an.pt\/academia-csp\/?page_id=453"},"modified":"2018-11-12T18:38:35","modified_gmt":"2018-11-12T17:38:35","slug":"tito-fernandes","status":"publish","type":"page","link":"https:\/\/www.usf-an.pt\/academia-csp\/tito-fernandes\/","title":{"rendered":"Tito Fernandes"},"content":{"rendered":"<div class=\"wpb-content-wrapper\"><p>[vc_row][vc_column][vc_column_text]<strong><img loading=\"lazy\" decoding=\"async\" class=\"alignnone wp-image-458 size-thumbnail\" src=\"https:\/\/www.usf-an.pt\/academia-csp\/wp-content\/uploads\/2018\/11\/Tito-150x150.png\" alt=\"\" width=\"150\" height=\"150\" srcset=\"https:\/\/www.usf-an.pt\/academia-csp\/wp-content\/uploads\/2018\/11\/Tito-150x150.png 150w, https:\/\/www.usf-an.pt\/academia-csp\/wp-content\/uploads\/2018\/11\/Tito-300x299.png 300w, https:\/\/www.usf-an.pt\/academia-csp\/wp-content\/uploads\/2018\/11\/Tito.png 301w\" sizes=\"auto, (max-width: 150px) 100vw, 150px\" \/><\/strong><\/p>\n<p><strong>Tito Fernandes<\/strong>\u00a0(1980) \u2013 licenciado em Enfermagem (2003) pela Escola Superior de Sa\u00fade do Instituto Polit\u00e9cnico de Bragan\u00e7a, p\u00f3s-graduado em Enfermagem Avan\u00e7ada e com p\u00f3s-licenciatura de especializa\u00e7\u00e3o em Enfermagem Comunit\u00e1ria, ambas pela Escola Superior de Enfermagem do Porto.<\/p>\n<p>Desde 2003 a exerceu fun\u00e7\u00f5es como enfermeiro nos servi\u00e7os Urologia (2003-2007) e Cirurgia 1 (2007-2008) do Hospital Geral de Santo Ant\u00f3nio.<\/p>\n<p>Atualmente exerce fun\u00e7\u00f5es como enfermeiro de fam\u00edlia na USF Horizonte-ACES Matosinhos-ULSM (2003 at\u00e9 \u00e0 presente data.<\/p>\n<p>Desde 2007, assistente convidado na Escola Superior de Enfermagem do Porto, com distribui\u00e7\u00e3o de servi\u00e7o docente do tipo te\u00f3rico-pr\u00e1tico\/orienta\u00e7\u00e3o tutorial (TP\/OT) e ensino cl\u00ednico (EC).<\/p>\n<p>Publica\u00e7\u00e3o de diversos trabalhos de \u00edndole cient\u00edfica e comunica\u00e7\u00f5es, nomeadamente:<\/p>\n<ul>\n<li>1\u00aa Pr\u00e9mio de Poster no VII Encontro Nacional das USF, Gest\u00e3o por Processos numa USF;1\u00aa Pr\u00e9mio de Poster no Congresso da Associa\u00e7\u00e3o Portuguesa de Urologia, na \u00e1rea da Lit\u00edase Urin\u00e1ria; Pr\u00e9mio de Men\u00e7\u00e3o Honrosa de Poster no Congresso da Associa\u00e7\u00e3o Portuguesa de Urologia, na \u00e1rea de Enurese Nocturna;<\/li>\n<li>Disserta\u00e7\u00e3o em palestras nas tem\u00e1ticas: \u201cDiferentes culturas, diferentes formas de comunicar\u201d; \u201cQualidade de vida no idoso\u201d \u2013 no V congresso Luso-Espanhol da 3\u00aa Idade; \u201cProcessos de Mudan\u00e7a nos Cuidados de Sa\u00fade Prim\u00e1rios\u201d, no Simp\u00f3sium de Enfermagem \u201cDa comunica\u00e7\u00e3o aos sistemas de informa\u00e7\u00e3o\u201d; \u201cSatisfa\u00e7\u00e3o dos utentes\u201d, no XXVII Congreso de Enfermeria Urol\u00f3gica; \u201cDo Hospital ao Centro de Sa\u00fade- Continuidade de Cuidados\u201d, no F\u00f3rum de Enfermagem\u00a0 Emerg\u00eancia\/Urg\u00eancia; Elabora\u00e7\u00e3o do P\u00f3s-f\u00e1cio do livro \u201c A Escola na Rolan\u00e7a do Tempo\u201d de BRANCO, A.V; Elabora\u00e7\u00e3o do P\u00f3s-f\u00e1cio do livro \u201c Auto-Motiva\u00e7\u00e3o\u201d de BRANCO, A.V.; Basto-Pereira M, Furtado SI, Silva RJ, Fachado Gonz\u00e1lez F, Vara Fernandes TM, Correia de Sousa J, Yaphe J. Performance indicators for clinical practice management in primary care in Portugal: Consensus from a Delphi study. Eur J Gen Pract. 2014 May 20:1-6.<\/li>\n<\/ul>\n<p>Outras experi\u00eancias relevantes: Membro do \u201cGrupo Reflectir Enfermagem nos Cuidados de Sa\u00fade Prim\u00e1rios\u201d, da ULSM, desde Janeiro de 2005; Coordenador do \u201cGrupo Reflectir Enfermagem nos Cuidados de Sa\u00fade Prim\u00e1rios\u201d, da ULSM, desde Janeiro de (2017-2018); Presidente\u00a0da\u00a0Comiss\u00e3o\u00a0Organizadora\u00a0do\u00a0VIII\u00a0Encontro\u00a0Nacional\u00a0das\u00a0USF (2016); Membro do Conselho Consultivo da USF-AN (desde 2012); Membro do N\u00facleo Cuidados Sa\u00fade Prim\u00e1rios do Departamento de Gest\u00e3o e Financiamento de Presta\u00e7\u00f5es de Sa\u00fade dada Administra\u00e7\u00e3o Central dos Servi\u00e7os de sa\u00fade (ACSS \/ Minist\u00e9rio da Sa\u00fade) (desde 2014);.<\/p>\n<p>&nbsp;<\/p>\n<p><strong><u>NOTA PESSOAL<\/u><\/strong><\/p>\n<p><strong>Quest\u00e3o:<\/strong>\u00a0&#8220;Como pode a ACSP contribuir para o desenvolvimento dos CSP?&#8221;<br \/>\n<strong>Resposta:<\/strong>\u00a0&#8220;A ACSP procura a capacita\u00e7\u00e3o dos profissionais de sa\u00fade, atrav\u00e9s da promo\u00e7\u00e3o das compet\u00eancias de autonomia e de auto-confian\u00e7a, entendendo que estas geram crescimento pessoal e melhoria das organiza\u00e7\u00f5es, atrav\u00e9s do desenvolvimento de aptid\u00f5es de comunica\u00e7\u00e3o e de trabalho em equipa, que por sua vez permitem maior intera\u00e7\u00e3o e integra\u00e7\u00e3o dos seus pares num ambiente colaborativo e participativo.&#8221;[\/vc_column_text][\/vc_column][\/vc_row]<\/p>\n<\/div>","protected":false},"excerpt":{"rendered":"<p>[vc_row][vc_column][vc_column_text] Tito Fernandes\u00a0(1980) \u2013 licenciado em Enfermagem (2003) pela Escola Superior de Sa\u00fade do Instituto Polit\u00e9cnico de Bragan\u00e7a, p\u00f3s-graduado em Enfermagem Avan\u00e7ada e com p\u00f3s-licenciatura de especializa\u00e7\u00e3o em Enfermagem Comunit\u00e1ria,&#8230;<\/p>\n","protected":false},"author":1,"featured_media":458,"parent":0,"menu_order":0,"comment_status":"closed","ping_status":"closed","template":"","meta":{"footnotes":""},"class_list":["post-453","page","type-page","status-publish","has-post-thumbnail","hentry"],"aioseo_notices":[],"_links":{"self":[{"href":"https:\/\/www.usf-an.pt\/academia-csp\/wp-json\/wp\/v2\/pages\/453","targetHints":{"allow":["GET"]}}],"collection":[{"href":"https:\/\/www.usf-an.pt\/academia-csp\/wp-json\/wp\/v2\/pages"}],"about":[{"href":"https:\/\/www.usf-an.pt\/academia-csp\/wp-json\/wp\/v2\/types\/page"}],"author":[{"embeddable":true,"href":"https:\/\/www.usf-an.pt\/academia-csp\/wp-json\/wp\/v2\/users\/1"}],"replies":[{"embeddable":true,"href":"https:\/\/www.usf-an.pt\/academia-csp\/wp-json\/wp\/v2\/comments?post=453"}],"version-history":[{"count":5,"href":"https:\/\/www.usf-an.pt\/academia-csp\/wp-json\/wp\/v2\/pages\/453\/revisions"}],"predecessor-version":[{"id":460,"href":"https:\/\/www.usf-an.pt\/academia-csp\/wp-json\/wp\/v2\/pages\/453\/revisions\/460"}],"wp:featuredmedia":[{"embeddable":true,"href":"https:\/\/www.usf-an.pt\/academia-csp\/wp-json\/wp\/v2\/media\/458"}],"wp:attachment":[{"href":"https:\/\/www.usf-an.pt\/academia-csp\/wp-json\/wp\/v2\/media?parent=453"}],"curies":[{"name":"wp","href":"https:\/\/api.w.org\/{rel}","templated":true}]}}

<div class="wpb-content-wrapper"><p>[vc_row][vc_column][vc_column_text]<strong><img loading="lazy" decoding="async" class="alignnone wp-image-458 size-thumbnail" src="https://www.usf-an.pt/academia-csp/wp-content/uploads/2018/11/Tito-150x150.png" alt="" width="150" height="150" srcset="https://www.usf-an.pt/academia-csp/wp-content/uploads/2018/11/Tito-150x150.png 150w, https://www.usf-an.pt/academia-csp/wp-content/uploads/2018/11/Tito-300x299.png 300w, https://www.usf-an.pt/academia-csp/wp-content/uploads/2018/11/Tito.png 301w" sizes="auto, (max-width: 150px) 100vw, 150px" /></strong></p>
<p><strong>Tito Fernandes</strong> (1980) – licenciado em Enfermagem (2003) pela Escola Superior de Saúde do Instituto Politécnico de Bragança, pós-graduado em Enfermagem Avançada e com pós-licenciatura de especialização em Enfermagem Comunitária, ambas pela Escola Superior de Enfermagem do Porto.</p>
<p>Desde 2003 a exerceu funções como enfermeiro nos serviços Urologia (2003-2007) e Cirurgia 1 (2007-2008) do Hospital Geral de Santo António.</p>
<p>Atualmente exerce funções como enfermeiro de família na USF Horizonte-ACES Matosinhos-ULSM (2003 até à presente data.</p>
<p>Desde 2007, assistente convidado na Escola Superior de Enfermagem do Porto, com distribuição de serviço docente do tipo teórico-prático/orientação tutorial (TP/OT) e ensino clínico (EC).</p>
<p>Publicação de diversos trabalhos de índole científica e comunicações, nomeadamente:</p>
<ul>
<li>1ª Prémio de Poster no VII Encontro Nacional das USF, Gestão por Processos numa USF;1ª Prémio de Poster no Congresso da Associação Portuguesa de Urologia, na área da Litíase Urinária; Prémio de Menção Honrosa de Poster no Congresso da Associação Portuguesa de Urologia, na área de Enurese Nocturna;</li>
<li>Dissertação em palestras nas temáticas: “Diferentes culturas, diferentes formas de comunicar”; “Qualidade de vida no idoso” – no V congresso Luso-Espanhol da 3ª Idade; “Processos de Mudança nos Cuidados de Saúde Primários”, no Simpósium de Enfermagem “Da comunicação aos sistemas de informação”; “Satisfação dos utentes”, no XXVII Congreso de Enfermeria Urológica; “Do Hospital ao Centro de Saúde- Continuidade de Cuidados”, no Fórum de Enfermagem  Emergência/Urgência; Elaboração do Pós-fácio do livro “ A Escola na Rolança do Tempo” de BRANCO, A.V; Elaboração do Pós-fácio do livro “ Auto-Motivação” de BRANCO, A.V.; Basto-Pereira M, Furtado SI, Silva RJ, Fachado González F, Vara Fernandes TM, Correia de Sousa J, Yaphe J. Performance indicators for clinical practice management in primary care in Portugal: Consensus from a Delphi study. Eur J Gen Pract. 2014 May 20:1-6.</li>
</ul>
<p>Outras experiências relevantes: Membro do “Grupo Reflectir Enfermagem nos Cuidados de Saúde Primários”, da ULSM, desde Janeiro de 2005; Coordenador do “Grupo Reflectir Enfermagem nos Cuidados de Saúde Primários”, da ULSM, desde Janeiro de (2017-2018); Presidente da Comissão Organizadora do VIII Encontro Nacional das USF (2016); Membro do Conselho Consultivo da USF-AN (desde 2012); Membro do Núcleo Cuidados Saúde Primários do Departamento de Gestão e Financiamento de Prestações de Saúde dada Administração Central dos Serviços de saúde (ACSS / Ministério da Saúde) (desde 2014);.</p>
<p>&nbsp;</p>
<p><strong><u>NOTA PESSOAL</u></strong></p>
<p><strong>Questão:</strong> &#8220;Como pode a ACSP contribuir para o desenvolvimento dos CSP?&#8221;<br />
<strong>Resposta:</strong> &#8220;A ACSP procura a capacitação dos profissionais de saúde, através da promoção das competências de autonomia e de auto-confiança, entendendo que estas geram crescimento pessoal e melhoria das organizações, através do desenvolvimento de aptidões de comunicação e de trabalho em equipa, que por sua vez permitem maior interação e integração dos seus pares num ambiente colaborativo e participativo.&#8221;[/vc_column_text][/vc_column][/vc_row]</p>
</div>

<p>[vc_row][vc_column][vc_column_text] Tito Fernandes (1980) – licenciado em Enfermagem (2003) pela Escola Superior de Saúde do Instituto Politécnico de Bragança, pós-graduado em Enfermagem Avançada e com pós-licenciatura de especialização em Enfermagem Comunitária,&#8230;</p>
