{"id":154,"date":"2018-09-13T16:59:17","date_gmt":"2018-09-13T15:59:17","guid":{"rendered":"https:\/\/www.usf-an.pt\/academia-csp\/?page_id=154"},"modified":"2018-10-18T16:09:53","modified_gmt":"2018-10-18T15:09:53","slug":"paulo-santos","status":"publish","type":"page","link":"https:\/\/www.usf-an.pt\/academia-csp\/paulo-santos\/","title":{"rendered":"Paulo Santos"},"content":{"rendered":"<div class=\"wpb-content-wrapper\"><p>[vc_row][vc_column][vc_column_text]<strong><img loading=\"lazy\" decoding=\"async\" class=\"aligncenter wp-image-190 size-thumbnail\" src=\"https:\/\/www.usf-an.pt\/academia-csp\/wp-content\/uploads\/2018\/10\/PS-150x150.png\" alt=\"\" width=\"150\" height=\"150\" srcset=\"https:\/\/www.usf-an.pt\/academia-csp\/wp-content\/uploads\/2018\/10\/PS-150x150.png 150w, https:\/\/www.usf-an.pt\/academia-csp\/wp-content\/uploads\/2018\/10\/PS-300x299.png 300w, https:\/\/www.usf-an.pt\/academia-csp\/wp-content\/uploads\/2018\/10\/PS.png 301w\" sizes=\"auto, (max-width: 150px) 100vw, 150px\" \/><\/strong><\/p>\n<p><strong>Paulo Santos<\/strong> (1976) \u2013 Ano letivo 1994\/95, ingressou no Ensino Superior\u2013 Curso Direito (Aprova\u00e7\u00e3o a 6 cadeiras dos dois primeiros anos \u2013 Licenciatura incompleta). Ano letivo 2002\/2003, reingressou no Ensino Superior. Julho de 2005, Bacharelato em Ci\u00eancias Sociais \u2013 \u00c1rea Vocacional de Psicologia Social, Com a classifica\u00e7\u00e3o de 14 valores (Bom). Julho de 2006, Licenciatura em Ci\u00eancias Sociais \u2013 \u00c1rea Vocacional de Psicologia Social, Com a classifica\u00e7\u00e3o de 14 valores (Bom). Maio de 2007, P\u00f3s-Gradua\u00e7\u00e3o em \u201cGest\u00e3o de Unidades de Sa\u00fade\u201d, CESPU, com a classifica\u00e7\u00e3o de 18 valores (Excelente). De Julho a Setembro de 1997, Assistente Administrativo, nos secretariados de consultas externas do Hospital S. Jo\u00e3o. De abril de 1999 at\u00e9 31\/05\/2011, Assistente Administrativo\/T\u00e9cnico, com fun\u00e7\u00f5es de Respons\u00e1vel Administrativo e do Gabinete do Utente do Centro de Sa\u00fade S. Jo\u00e3o. De mar\u00e7o 2001 a dezembro 2001, Rececionista na Cl\u00ednica M\u00e9dica da Foz (Acumula\u00e7\u00e3o com as fun\u00e7\u00f5es no C.S. S. Jo\u00e3o). De 2006 at\u00e9 30\/11\/2008, observador no Observat\u00f3rio Regional Norte Sistema \u201cSim-Cidad\u00e3o\u201d\u00a0 &#8211; ARS Norte. De abril de 2010 at\u00e9 maio 2015, Integrou grupo de trabalho \u201cMais Comunica\u00e7\u00e3o\u201d do ACeS Porto Ocidental. De 01\/06\/2011 at\u00e9 \u00e0 presente data, Secret\u00e1rio Cl\u00ednico na USF S. Jo\u00e3o do Porto. Secret\u00e1rio da Dire\u00e7\u00e3o Nacional da USF-AN no mandato 2015-2018. Membro das Comiss\u00f5es Organizadoras dos 8.\u00ba, 9.\u00ba (\u00e0 qual presidiu) e 10.\u00ba Encontro Nacional das USF.<\/p>\n<p>&nbsp;<\/p>\n<p><strong><u>NOTA PESSOAL<\/u><\/strong><\/p>\n<p><strong>Quest\u00e3o:<\/strong>\u00a0&#8220;Como pode a ACSP contribuir para o desenvolvimento dos CSP?&#8221;<br \/>\n<strong>Resposta:<\/strong>\u00a0&#8221; Qualificando e estruturando um futuro de excel\u00eancia atrav\u00e9s de um modelo formativo inovador, din\u00e2mico e, sempre, direcionado para as reais necessidades dos profissionais.&#8221;[\/vc_column_text][\/vc_column][\/vc_row]<\/p>\n<\/div>","protected":false},"excerpt":{"rendered":"<p>[vc_row][vc_column][vc_column_text] Paulo Santos (1976) \u2013 Ano letivo 1994\/95, ingressou no Ensino Superior\u2013 Curso Direito (Aprova\u00e7\u00e3o a 6 cadeiras dos dois primeiros anos \u2013 Licenciatura incompleta). Ano letivo 2002\/2003, reingressou no&#8230;<\/p>\n","protected":false},"author":1,"featured_media":190,"parent":0,"menu_order":0,"comment_status":"closed","ping_status":"closed","template":"","meta":{"footnotes":""},"class_list":["post-154","page","type-page","status-publish","has-post-thumbnail","hentry"],"aioseo_notices":[],"_links":{"self":[{"href":"https:\/\/www.usf-an.pt\/academia-csp\/wp-json\/wp\/v2\/pages\/154","targetHints":{"allow":["GET"]}}],"collection":[{"href":"https:\/\/www.usf-an.pt\/academia-csp\/wp-json\/wp\/v2\/pages"}],"about":[{"href":"https:\/\/www.usf-an.pt\/academia-csp\/wp-json\/wp\/v2\/types\/page"}],"author":[{"embeddable":true,"href":"https:\/\/www.usf-an.pt\/academia-csp\/wp-json\/wp\/v2\/users\/1"}],"replies":[{"embeddable":true,"href":"https:\/\/www.usf-an.pt\/academia-csp\/wp-json\/wp\/v2\/comments?post=154"}],"version-history":[{"count":2,"href":"https:\/\/www.usf-an.pt\/academia-csp\/wp-json\/wp\/v2\/pages\/154\/revisions"}],"predecessor-version":[{"id":210,"href":"https:\/\/www.usf-an.pt\/academia-csp\/wp-json\/wp\/v2\/pages\/154\/revisions\/210"}],"wp:featuredmedia":[{"embeddable":true,"href":"https:\/\/www.usf-an.pt\/academia-csp\/wp-json\/wp\/v2\/media\/190"}],"wp:attachment":[{"href":"https:\/\/www.usf-an.pt\/academia-csp\/wp-json\/wp\/v2\/media?parent=154"}],"curies":[{"name":"wp","href":"https:\/\/api.w.org\/{rel}","templated":true}]}}

<div class="wpb-content-wrapper"><p>[vc_row][vc_column][vc_column_text]<strong><img loading="lazy" decoding="async" class="aligncenter wp-image-190 size-thumbnail" src="https://www.usf-an.pt/academia-csp/wp-content/uploads/2018/10/PS-150x150.png" alt="" width="150" height="150" srcset="https://www.usf-an.pt/academia-csp/wp-content/uploads/2018/10/PS-150x150.png 150w, https://www.usf-an.pt/academia-csp/wp-content/uploads/2018/10/PS-300x299.png 300w, https://www.usf-an.pt/academia-csp/wp-content/uploads/2018/10/PS.png 301w" sizes="auto, (max-width: 150px) 100vw, 150px" /></strong></p>
<p><strong>Paulo Santos</strong> (1976) – Ano letivo 1994/95, ingressou no Ensino Superior– Curso Direito (Aprovação a 6 cadeiras dos dois primeiros anos – Licenciatura incompleta). Ano letivo 2002/2003, reingressou no Ensino Superior. Julho de 2005, Bacharelato em Ciências Sociais – Área Vocacional de Psicologia Social, Com a classificação de 14 valores (Bom). Julho de 2006, Licenciatura em Ciências Sociais – Área Vocacional de Psicologia Social, Com a classificação de 14 valores (Bom). Maio de 2007, Pós-Graduação em “Gestão de Unidades de Saúde”, CESPU, com a classificação de 18 valores (Excelente). De Julho a Setembro de 1997, Assistente Administrativo, nos secretariados de consultas externas do Hospital S. João. De abril de 1999 até 31/05/2011, Assistente Administrativo/Técnico, com funções de Responsável Administrativo e do Gabinete do Utente do Centro de Saúde S. João. De março 2001 a dezembro 2001, Rececionista na Clínica Médica da Foz (Acumulação com as funções no C.S. S. João). De 2006 até 30/11/2008, observador no Observatório Regional Norte Sistema “Sim-Cidadão”  &#8211; ARS Norte. De abril de 2010 até maio 2015, Integrou grupo de trabalho “Mais Comunicação” do ACeS Porto Ocidental. De 01/06/2011 até à presente data, Secretário Clínico na USF S. João do Porto. Secretário da Direção Nacional da USF-AN no mandato 2015-2018. Membro das Comissões Organizadoras dos 8.º, 9.º (à qual presidiu) e 10.º Encontro Nacional das USF.</p>
<p>&nbsp;</p>
<p><strong><u>NOTA PESSOAL</u></strong></p>
<p><strong>Questão:</strong> &#8220;Como pode a ACSP contribuir para o desenvolvimento dos CSP?&#8221;<br />
<strong>Resposta:</strong> &#8221; Qualificando e estruturando um futuro de excelência através de um modelo formativo inovador, dinâmico e, sempre, direcionado para as reais necessidades dos profissionais.&#8221;[/vc_column_text][/vc_column][/vc_row]</p>
</div>

<p>[vc_row][vc_column][vc_column_text] Paulo Santos (1976) – Ano letivo 1994/95, ingressou no Ensino Superior– Curso Direito (Aprovação a 6 cadeiras dos dois primeiros anos – Licenciatura incompleta). Ano letivo 2002/2003, reingressou no&#8230;</p>
