{"id":152,"date":"2018-09-13T16:57:51","date_gmt":"2018-09-13T15:57:51","guid":{"rendered":"https:\/\/www.usf-an.pt\/academia-csp\/?page_id=152"},"modified":"2018-11-19T10:48:37","modified_gmt":"2018-11-19T09:48:37","slug":"maria-do-carmo-neves","status":"publish","type":"page","link":"https:\/\/www.usf-an.pt\/academia-csp\/maria-do-carmo-neves\/","title":{"rendered":"M\u00aa Carmo Neves da Silva"},"content":{"rendered":"<div class=\"wpb-content-wrapper\"><p>[vc_row][vc_column][vc_column_text]<strong><img loading=\"lazy\" decoding=\"async\" class=\"aligncenter wp-image-185 size-thumbnail\" src=\"https:\/\/www.usf-an.pt\/academia-csp\/wp-content\/uploads\/2018\/10\/CN-150x150.png\" alt=\"\" width=\"150\" height=\"150\" srcset=\"https:\/\/www.usf-an.pt\/academia-csp\/wp-content\/uploads\/2018\/10\/CN-150x150.png 150w, https:\/\/www.usf-an.pt\/academia-csp\/wp-content\/uploads\/2018\/10\/CN-300x299.png 300w, https:\/\/www.usf-an.pt\/academia-csp\/wp-content\/uploads\/2018\/10\/CN.png 301w\" sizes=\"auto, (max-width: 150px) 100vw, 150px\" \/><\/strong><\/p>\n<p><strong>M\u00aa Carmo Neves da Silva<\/strong> \u2013 Licenciada em Filosofia e Desenvolvimento de Empresas (Gest\u00e3o) pela Faculdade de Filosofia da Universidade Cat\u00f3lica. Mestre em Gest\u00e3o de Empresas no Ramo da Sa\u00fade e confere o t\u00edtulo de especialista (equivalente a PhD) na \u00e1rea de Ci\u00eancias Empresariais sobre o tema: Gest\u00e3o de Recursos Humanos &#8211; Princ\u00edpios e Pr\u00e1ticas para a Excel\u00eancia. \u00c9 membro do Centro de Estudos e Investiga\u00e7\u00e3o em Sa\u00fade da Universidade de Coimbra (CEISUC) e do Centro de Investiga\u00e7\u00e3o de Gest\u00e3o e Economia (CeBER). Trabalhou durante 20 anos numa multinacional, onde passou por v\u00e1rios departamentos com destaque para o Continous Improvement Process e Gest\u00e3o de Recursos Humanos. Foi consultora interna em Portugal na \u00e1rea de Desenvolvimento Organizacional. Desde 2011 \u00e9 professora do ensino superior. Neste momento frequenta o doutoramento na \u00e1rea de Gest\u00e3o de Empresas com especializa\u00e7\u00e3o em Gest\u00e3o e Pessoas, na Universidade de Coimbra. A sua \u00e1rea de interesse principal \u00e9 Desenvolvimento Organizacional, Desenvolvimento Emocional, Coaching nas Organiza\u00e7\u00f5es e Lideran\u00e7a. Publicou em confer\u00eancias nacionais e internacionais em revistas associadas \u00e0 ISI.<\/p>\n<p>&nbsp;<\/p>\n<p><strong><u>NOTA PESSOAL<\/u><\/strong><\/p>\n<p><strong>Quest\u00e3o:<\/strong>\u00a0&#8220;Como pode a ACSP contribuir para o desenvolvimento dos CSP?&#8221;<br \/>\n<strong>Resposta:<\/strong>\u00a0&#8220;A ACSP ser\u00e1 um apoio para o alargar o conhecimento, mas diversas \u00e1reas do saber, de modo a que possa desempenhar o seu trabalho nos CSP de um modo que lhe proporcione bem-estar, quer psicol\u00f3gico, f\u00edsico e social.&#8221;[\/vc_column_text][\/vc_column][\/vc_row]<\/p>\n<\/div>","protected":false},"excerpt":{"rendered":"<p>[vc_row][vc_column][vc_column_text] M\u00aa Carmo Neves da Silva \u2013 Licenciada em Filosofia e Desenvolvimento de Empresas (Gest\u00e3o) pela Faculdade de Filosofia da Universidade Cat\u00f3lica. Mestre em Gest\u00e3o de Empresas no Ramo da&#8230;<\/p>\n","protected":false},"author":1,"featured_media":185,"parent":0,"menu_order":0,"comment_status":"closed","ping_status":"closed","template":"","meta":{"footnotes":""},"class_list":["post-152","page","type-page","status-publish","has-post-thumbnail","hentry"],"aioseo_notices":[],"_links":{"self":[{"href":"https:\/\/www.usf-an.pt\/academia-csp\/wp-json\/wp\/v2\/pages\/152","targetHints":{"allow":["GET"]}}],"collection":[{"href":"https:\/\/www.usf-an.pt\/academia-csp\/wp-json\/wp\/v2\/pages"}],"about":[{"href":"https:\/\/www.usf-an.pt\/academia-csp\/wp-json\/wp\/v2\/types\/page"}],"author":[{"embeddable":true,"href":"https:\/\/www.usf-an.pt\/academia-csp\/wp-json\/wp\/v2\/users\/1"}],"replies":[{"embeddable":true,"href":"https:\/\/www.usf-an.pt\/academia-csp\/wp-json\/wp\/v2\/comments?post=152"}],"version-history":[{"count":5,"href":"https:\/\/www.usf-an.pt\/academia-csp\/wp-json\/wp\/v2\/pages\/152\/revisions"}],"predecessor-version":[{"id":469,"href":"https:\/\/www.usf-an.pt\/academia-csp\/wp-json\/wp\/v2\/pages\/152\/revisions\/469"}],"wp:featuredmedia":[{"embeddable":true,"href":"https:\/\/www.usf-an.pt\/academia-csp\/wp-json\/wp\/v2\/media\/185"}],"wp:attachment":[{"href":"https:\/\/www.usf-an.pt\/academia-csp\/wp-json\/wp\/v2\/media?parent=152"}],"curies":[{"name":"wp","href":"https:\/\/api.w.org\/{rel}","templated":true}]}}

Mª Carmo Neves da Silva

<div class="wpb-content-wrapper"><p>[vc_row][vc_column][vc_column_text]<strong><img loading="lazy" decoding="async" class="aligncenter wp-image-185 size-thumbnail" src="https://www.usf-an.pt/academia-csp/wp-content/uploads/2018/10/CN-150x150.png" alt="" width="150" height="150" srcset="https://www.usf-an.pt/academia-csp/wp-content/uploads/2018/10/CN-150x150.png 150w, https://www.usf-an.pt/academia-csp/wp-content/uploads/2018/10/CN-300x299.png 300w, https://www.usf-an.pt/academia-csp/wp-content/uploads/2018/10/CN.png 301w" sizes="auto, (max-width: 150px) 100vw, 150px" /></strong></p>
<p><strong>Mª Carmo Neves da Silva</strong> – Licenciada em Filosofia e Desenvolvimento de Empresas (Gestão) pela Faculdade de Filosofia da Universidade Católica. Mestre em Gestão de Empresas no Ramo da Saúde e confere o título de especialista (equivalente a PhD) na área de Ciências Empresariais sobre o tema: Gestão de Recursos Humanos &#8211; Princípios e Práticas para a Excelência. É membro do Centro de Estudos e Investigação em Saúde da Universidade de Coimbra (CEISUC) e do Centro de Investigação de Gestão e Economia (CeBER). Trabalhou durante 20 anos numa multinacional, onde passou por vários departamentos com destaque para o Continous Improvement Process e Gestão de Recursos Humanos. Foi consultora interna em Portugal na área de Desenvolvimento Organizacional. Desde 2011 é professora do ensino superior. Neste momento frequenta o doutoramento na área de Gestão de Empresas com especialização em Gestão e Pessoas, na Universidade de Coimbra. A sua área de interesse principal é Desenvolvimento Organizacional, Desenvolvimento Emocional, Coaching nas Organizações e Liderança. Publicou em conferências nacionais e internacionais em revistas associadas à ISI.</p>
<p>&nbsp;</p>
<p><strong><u>NOTA PESSOAL</u></strong></p>
<p><strong>Questão:</strong> &#8220;Como pode a ACSP contribuir para o desenvolvimento dos CSP?&#8221;<br />
<strong>Resposta:</strong> &#8220;A ACSP será um apoio para o alargar o conhecimento, mas diversas áreas do saber, de modo a que possa desempenhar o seu trabalho nos CSP de um modo que lhe proporcione bem-estar, quer psicológico, físico e social.&#8221;[/vc_column_text][/vc_column][/vc_row]</p>
</div>

<p>[vc_row][vc_column][vc_column_text] Mª Carmo Neves da Silva – Licenciada em Filosofia e Desenvolvimento de Empresas (Gestão) pela Faculdade de Filosofia da Universidade Católica. Mestre em Gestão de Empresas no Ramo da&#8230;</p>
