{"id":150,"date":"2018-09-13T16:55:59","date_gmt":"2018-09-13T15:55:59","guid":{"rendered":"https:\/\/www.usf-an.pt\/academia-csp\/?page_id=150"},"modified":"2018-10-18T16:09:04","modified_gmt":"2018-10-18T15:09:04","slug":"denise-alexandra","status":"publish","type":"page","link":"https:\/\/www.usf-an.pt\/academia-csp\/denise-alexandra\/","title":{"rendered":"Denise Alexandra"},"content":{"rendered":"<div class=\"wpb-content-wrapper\"><p>[vc_row][vc_column][vc_column_text]<strong><img loading=\"lazy\" decoding=\"async\" class=\"aligncenter wp-image-186 size-thumbnail\" src=\"https:\/\/www.usf-an.pt\/academia-csp\/wp-content\/uploads\/2018\/10\/DENISE-150x150.png\" alt=\"\" width=\"150\" height=\"150\" srcset=\"https:\/\/www.usf-an.pt\/academia-csp\/wp-content\/uploads\/2018\/10\/DENISE-150x150.png 150w, https:\/\/www.usf-an.pt\/academia-csp\/wp-content\/uploads\/2018\/10\/DENISE-300x299.png 300w, https:\/\/www.usf-an.pt\/academia-csp\/wp-content\/uploads\/2018\/10\/DENISE.png 301w\" sizes=\"auto, (max-width: 150px) 100vw, 150px\" \/><\/strong><\/p>\n<p><strong>Denise Alexandra<\/strong> (1975) \u2013 licenciada em Medicina (1999) pela Faculdade de Medicina da Universidade de Coimbra. P\u00f3s-gradua\u00e7\u00e3o em Epidemiologia (2011) pela Faculdade de Medicina da Universidade de Lisboa. Doutoranda em Medicina na Faculdade de Ci\u00eancias da Sa\u00fade da Universidade da Beira Interior.<\/p>\n<p>Desde 2016, Assistente Graduada da Carreira M\u00e9dica de Medicina Geral e Familiar (MGF), estando desde 2007 a exercer na USF Santiago de Leiria, tendo sido elemento do Conselho T\u00e9cnico at\u00e9 2014.<\/p>\n<p>Orientadora de forma\u00e7\u00e3o em MGF, de alunos, internos do ano comum e internos da forma\u00e7\u00e3o espec\u00edfica, desde 2008.<\/p>\n<p>Formadora de cursos EURACT (Academia Europeia de Docentes e Orientadores de MGF) desde 2008, sendo representante eleita de Portugal desde 2013.<\/p>\n<p>Membro da Direc\u00e7\u00e3o da ADSO (Associa\u00e7\u00e3o Nacional de Docentes e Orientadores de MGF) desde 2010.<\/p>\n<p>Colaboradora da ERA (Equipa Regional de Apoio e Acompanhamento) Centro de 2010 a 2013.<\/p>\n<p>Membro dos \u00d3rg\u00e3os Sociais, Conselho Fiscal, da APMGF, de 2009 a 2014.<\/p>\n<p>Membro da Direc\u00e7\u00e3o do Col\u00e9gio de MGF da Ordem dos M\u00e9dicos, de 2009 a 2014.<\/p>\n<p>Director\/Editora-chefe da Revista ADSO desde 2018.<\/p>\n<p>Membro de v\u00e1rias comiss\u00f5es organizadoras de v\u00e1rios eventos cient\u00edficos, grupos de avalia\u00e7\u00e3o de normas cl\u00ednicas e grupos de trabalho sobre Sistema Nacional de Vigil\u00e2ncia Epidemiol\u00f3gica.<\/p>\n<p>Participa\u00e7\u00e3o em v\u00e1rios tipos de j\u00faris: sele\u00e7\u00e3o\/avalia\u00e7\u00e3o de comunica\u00e7\u00f5es livres em eventos cient\u00edficos; exames finais do Internato de Forma\u00e7\u00e3o Espec\u00edfica em MGF; exames \u00e0 Ordem dos M\u00e9dicos.<\/p>\n<p>Autora, co-autora e colaboradora de v\u00e1rios estudos originais.<\/p>\n<p>Desde Outubro de 2015 eleita vogal da Direc\u00e7\u00e3o da USF-AN por um per\u00edodo de tr\u00eas anos.<\/p>\n<p>&nbsp;<\/p>\n<p><strong><u>NOTA PESSOAL<\/u><\/strong><\/p>\n<p><strong>Quest\u00e3o:<\/strong>\u00a0&#8220;Como pode a ACSP contribuir para o desenvolvimento dos CSP?&#8221;<br \/>\n<strong>Resposta:<\/strong>\u00a0&#8221; Atrav\u00e9s da partilha e divulga\u00e7\u00e3o de diferentes projetos desenvolvidos nas USF, a ACSP contribuir\u00e1 para o exerc\u00edcio de cuidados de excel\u00eancia, promovendo a marca USF.&#8221;[\/vc_column_text][\/vc_column][\/vc_row]<\/p>\n<\/div>","protected":false},"excerpt":{"rendered":"<p>[vc_row][vc_column][vc_column_text] Denise Alexandra (1975) \u2013 licenciada em Medicina (1999) pela Faculdade de Medicina da Universidade de Coimbra. P\u00f3s-gradua\u00e7\u00e3o em Epidemiologia (2011) pela Faculdade de Medicina da Universidade de Lisboa. Doutoranda&#8230;<\/p>\n","protected":false},"author":1,"featured_media":186,"parent":0,"menu_order":0,"comment_status":"closed","ping_status":"closed","template":"","meta":{"footnotes":""},"class_list":["post-150","page","type-page","status-publish","has-post-thumbnail","hentry"],"aioseo_notices":[],"_links":{"self":[{"href":"https:\/\/www.usf-an.pt\/academia-csp\/wp-json\/wp\/v2\/pages\/150","targetHints":{"allow":["GET"]}}],"collection":[{"href":"https:\/\/www.usf-an.pt\/academia-csp\/wp-json\/wp\/v2\/pages"}],"about":[{"href":"https:\/\/www.usf-an.pt\/academia-csp\/wp-json\/wp\/v2\/types\/page"}],"author":[{"embeddable":true,"href":"https:\/\/www.usf-an.pt\/academia-csp\/wp-json\/wp\/v2\/users\/1"}],"replies":[{"embeddable":true,"href":"https:\/\/www.usf-an.pt\/academia-csp\/wp-json\/wp\/v2\/comments?post=150"}],"version-history":[{"count":2,"href":"https:\/\/www.usf-an.pt\/academia-csp\/wp-json\/wp\/v2\/pages\/150\/revisions"}],"predecessor-version":[{"id":208,"href":"https:\/\/www.usf-an.pt\/academia-csp\/wp-json\/wp\/v2\/pages\/150\/revisions\/208"}],"wp:featuredmedia":[{"embeddable":true,"href":"https:\/\/www.usf-an.pt\/academia-csp\/wp-json\/wp\/v2\/media\/186"}],"wp:attachment":[{"href":"https:\/\/www.usf-an.pt\/academia-csp\/wp-json\/wp\/v2\/media?parent=150"}],"curies":[{"name":"wp","href":"https:\/\/api.w.org\/{rel}","templated":true}]}}

<div class="wpb-content-wrapper"><p>[vc_row][vc_column][vc_column_text]<strong><img loading="lazy" decoding="async" class="aligncenter wp-image-186 size-thumbnail" src="https://www.usf-an.pt/academia-csp/wp-content/uploads/2018/10/DENISE-150x150.png" alt="" width="150" height="150" srcset="https://www.usf-an.pt/academia-csp/wp-content/uploads/2018/10/DENISE-150x150.png 150w, https://www.usf-an.pt/academia-csp/wp-content/uploads/2018/10/DENISE-300x299.png 300w, https://www.usf-an.pt/academia-csp/wp-content/uploads/2018/10/DENISE.png 301w" sizes="auto, (max-width: 150px) 100vw, 150px" /></strong></p>
<p><strong>Denise Alexandra</strong> (1975) – licenciada em Medicina (1999) pela Faculdade de Medicina da Universidade de Coimbra. Pós-graduação em Epidemiologia (2011) pela Faculdade de Medicina da Universidade de Lisboa. Doutoranda em Medicina na Faculdade de Ciências da Saúde da Universidade da Beira Interior.</p>
<p>Desde 2016, Assistente Graduada da Carreira Médica de Medicina Geral e Familiar (MGF), estando desde 2007 a exercer na USF Santiago de Leiria, tendo sido elemento do Conselho Técnico até 2014.</p>
<p>Orientadora de formação em MGF, de alunos, internos do ano comum e internos da formação específica, desde 2008.</p>
<p>Formadora de cursos EURACT (Academia Europeia de Docentes e Orientadores de MGF) desde 2008, sendo representante eleita de Portugal desde 2013.</p>
<p>Membro da Direcção da ADSO (Associação Nacional de Docentes e Orientadores de MGF) desde 2010.</p>
<p>Colaboradora da ERA (Equipa Regional de Apoio e Acompanhamento) Centro de 2010 a 2013.</p>
<p>Membro dos Órgãos Sociais, Conselho Fiscal, da APMGF, de 2009 a 2014.</p>
<p>Membro da Direcção do Colégio de MGF da Ordem dos Médicos, de 2009 a 2014.</p>
<p>Director/Editora-chefe da Revista ADSO desde 2018.</p>
<p>Membro de várias comissões organizadoras de vários eventos científicos, grupos de avaliação de normas clínicas e grupos de trabalho sobre Sistema Nacional de Vigilância Epidemiológica.</p>
<p>Participação em vários tipos de júris: seleção/avaliação de comunicações livres em eventos científicos; exames finais do Internato de Formação Específica em MGF; exames à Ordem dos Médicos.</p>
<p>Autora, co-autora e colaboradora de vários estudos originais.</p>
<p>Desde Outubro de 2015 eleita vogal da Direcção da USF-AN por um período de três anos.</p>
<p>&nbsp;</p>
<p><strong><u>NOTA PESSOAL</u></strong></p>
<p><strong>Questão:</strong> &#8220;Como pode a ACSP contribuir para o desenvolvimento dos CSP?&#8221;<br />
<strong>Resposta:</strong> &#8221; Através da partilha e divulgação de diferentes projetos desenvolvidos nas USF, a ACSP contribuirá para o exercício de cuidados de excelência, promovendo a marca USF.&#8221;[/vc_column_text][/vc_column][/vc_row]</p>
</div>

<p>[vc_row][vc_column][vc_column_text] Denise Alexandra (1975) – licenciada em Medicina (1999) pela Faculdade de Medicina da Universidade de Coimbra. Pós-graduação em Epidemiologia (2011) pela Faculdade de Medicina da Universidade de Lisboa. Doutoranda&#8230;</p>
