{"id":147,"date":"2018-09-13T16:53:13","date_gmt":"2018-09-13T15:53:13","guid":{"rendered":"https:\/\/www.usf-an.pt\/academia-csp\/?page_id=147"},"modified":"2018-10-18T16:08:38","modified_gmt":"2018-10-18T15:08:38","slug":"cristina-afonso","status":"publish","type":"page","link":"https:\/\/www.usf-an.pt\/academia-csp\/cristina-afonso\/","title":{"rendered":"Cristina Afonso"},"content":{"rendered":"<div class=\"wpb-content-wrapper\"><p>[vc_row][vc_column][vc_column_text]<strong><img loading=\"lazy\" decoding=\"async\" class=\"aligncenter wp-image-184 size-thumbnail\" src=\"https:\/\/www.usf-an.pt\/academia-csp\/wp-content\/uploads\/2018\/10\/CA-150x150.png\" alt=\"\" width=\"150\" height=\"150\" srcset=\"https:\/\/www.usf-an.pt\/academia-csp\/wp-content\/uploads\/2018\/10\/CA-150x150.png 150w, https:\/\/www.usf-an.pt\/academia-csp\/wp-content\/uploads\/2018\/10\/CA-300x299.png 300w, https:\/\/www.usf-an.pt\/academia-csp\/wp-content\/uploads\/2018\/10\/CA.png 301w\" sizes=\"auto, (max-width: 150px) 100vw, 150px\" \/><\/strong><\/p>\n<p><strong>Cristina Afonso<\/strong> (1971) \u2013 Licenciatura em Enfermagem (Escola Superior de Enfermagem Calouste Gulbenkian \u2013 Braga). P\u00f3s \u2013 Gradua\u00e7\u00e3o em Feridas e Viabilidade Tecidular (Universidade Cat\u00f3lica \u2013 Porto). De Abril 1995 a Outubro 1997 &#8211; Hospital Sra. da Oliveira, Guimar\u00e3es, na unidade de Cardiologia;<\/p>\n<p>De Novembro 1997 a Fevereiro 2007 &#8211; Hospital de S\u00e3o Marcos, Braga, na Unidade de Cuidados Intensivos de Cardiologia e Internamento.<\/p>\n<p>Desde Mar\u00e7o 2007 &#8211; ACES Cavado I. Membro do n\u00facleo de forma\u00e7\u00e3o e investiga\u00e7\u00e3o da APTFeridas (Associa\u00e7\u00e3o Portuguesa de Tratamento de Feridas), desde 2009. Colabora\u00e7\u00e3o na qualidade de Tutora\/Orientadora Pedag\u00f3gica com a Universidade do Minho. Publica\u00e7\u00e3o: E-Boock \u201cPreven\u00e7\u00e3o e Tratamento de Feridas da evid\u00eancia \u00e0 Pr\u00e1tica\u201d ISBN 978-989-20-5133-8, primeira edi\u00e7\u00e3o, Novembro 2014.Coautora do cap\u00edtulo P\u00e9 Diab\u00e9tico, p\u00e1ginas [158- 235]. Constituiu o grupo de coordenadores do E-Boock \u201cPreven\u00e7\u00e3o e Tratamento de Feridas da evid\u00eancia \u00e0 Pr\u00e1tica. Vencedora do Premio Ernesto Roma \u2013 Cuidados de Sa\u00fade Prim\u00e1rios 2014 com o trabalho de Investiga\u00e7\u00e3o \u201cP\u00e9 Diab\u00e9tico: dificuldades na abordagem e referencia\u00e7\u00e3o nas USF de Braga\u201d. Publica\u00e7\u00e3o no Journal of Tissue Regeneration Healdin, n\u00ba 9, outubro-mar\u00e7o 2016, do artigo \u201cP\u00e9 Diab\u00e9tico: dificuldades na abordagem e referencia\u00e7\u00e3o nas USF de Braga\u201d. Revisora do E-Boock \u201cTratamento de feridas: Casos Cl\u00ednicos\u201d ISBN 978-989-20-7913-4, primeira edi\u00e7\u00e3o, novembro de 2017. Autora da brochura \u201cAlimenta\u00e7\u00e3o, Diabetes e Sa\u00fade-guia de orienta\u00e7\u00e3o para a pessoa diab\u00e9tica\u201d, 2012; Membro da Associa\u00e7\u00e3o Portuguesa de Tratamento de Feridas desde 2009;\u00a0\u00a0\u00a0 Vogal da dire\u00e7\u00e3o Nacional da USF-AN no tri\u00e9nio 2015-2018; Fundadora e dinamizadora do N\u00facleo de Braga da USF-AN, com inicio em junho 2016.<\/p>\n<p>&nbsp;<\/p>\n<p><strong><u>NOTA PESSOAL<\/u><\/strong><\/p>\n<p><strong>Quest\u00e3o:<\/strong>\u00a0&#8220;Como pode a ACSP contribuir para o desenvolvimento dos CSP?&#8221;<br \/>\n<strong>Resposta:<\/strong>\u00a0&#8220;Pela aposta no conhecimento, rigor e inova\u00e7\u00e3o como potenciadores do desenvolvimento do capital humano nos CSP, com refor\u00e7o para a constru\u00e7\u00e3o coletiva de valores e conhecimentos.&#8221;[\/vc_column_text][\/vc_column][\/vc_row]<\/p>\n<\/div>","protected":false},"excerpt":{"rendered":"<p>[vc_row][vc_column][vc_column_text] Cristina Afonso (1971) \u2013 Licenciatura em Enfermagem (Escola Superior de Enfermagem Calouste Gulbenkian \u2013 Braga). P\u00f3s \u2013 Gradua\u00e7\u00e3o em Feridas e Viabilidade Tecidular (Universidade Cat\u00f3lica \u2013 Porto). De Abril&#8230;<\/p>\n","protected":false},"author":1,"featured_media":184,"parent":0,"menu_order":0,"comment_status":"closed","ping_status":"closed","template":"","meta":{"footnotes":""},"class_list":["post-147","page","type-page","status-publish","has-post-thumbnail","hentry"],"aioseo_notices":[],"_links":{"self":[{"href":"https:\/\/www.usf-an.pt\/academia-csp\/wp-json\/wp\/v2\/pages\/147","targetHints":{"allow":["GET"]}}],"collection":[{"href":"https:\/\/www.usf-an.pt\/academia-csp\/wp-json\/wp\/v2\/pages"}],"about":[{"href":"https:\/\/www.usf-an.pt\/academia-csp\/wp-json\/wp\/v2\/types\/page"}],"author":[{"embeddable":true,"href":"https:\/\/www.usf-an.pt\/academia-csp\/wp-json\/wp\/v2\/users\/1"}],"replies":[{"embeddable":true,"href":"https:\/\/www.usf-an.pt\/academia-csp\/wp-json\/wp\/v2\/comments?post=147"}],"version-history":[{"count":3,"href":"https:\/\/www.usf-an.pt\/academia-csp\/wp-json\/wp\/v2\/pages\/147\/revisions"}],"predecessor-version":[{"id":207,"href":"https:\/\/www.usf-an.pt\/academia-csp\/wp-json\/wp\/v2\/pages\/147\/revisions\/207"}],"wp:featuredmedia":[{"embeddable":true,"href":"https:\/\/www.usf-an.pt\/academia-csp\/wp-json\/wp\/v2\/media\/184"}],"wp:attachment":[{"href":"https:\/\/www.usf-an.pt\/academia-csp\/wp-json\/wp\/v2\/media?parent=147"}],"curies":[{"name":"wp","href":"https:\/\/api.w.org\/{rel}","templated":true}]}}

<div class="wpb-content-wrapper"><p>[vc_row][vc_column][vc_column_text]<strong><img loading="lazy" decoding="async" class="aligncenter wp-image-184 size-thumbnail" src="https://www.usf-an.pt/academia-csp/wp-content/uploads/2018/10/CA-150x150.png" alt="" width="150" height="150" srcset="https://www.usf-an.pt/academia-csp/wp-content/uploads/2018/10/CA-150x150.png 150w, https://www.usf-an.pt/academia-csp/wp-content/uploads/2018/10/CA-300x299.png 300w, https://www.usf-an.pt/academia-csp/wp-content/uploads/2018/10/CA.png 301w" sizes="auto, (max-width: 150px) 100vw, 150px" /></strong></p>
<p><strong>Cristina Afonso</strong> (1971) – Licenciatura em Enfermagem (Escola Superior de Enfermagem Calouste Gulbenkian – Braga). Pós – Graduação em Feridas e Viabilidade Tecidular (Universidade Católica – Porto). De Abril 1995 a Outubro 1997 &#8211; Hospital Sra. da Oliveira, Guimarães, na unidade de Cardiologia;</p>
<p>De Novembro 1997 a Fevereiro 2007 &#8211; Hospital de São Marcos, Braga, na Unidade de Cuidados Intensivos de Cardiologia e Internamento.</p>
<p>Desde Março 2007 &#8211; ACES Cavado I. Membro do núcleo de formação e investigação da APTFeridas (Associação Portuguesa de Tratamento de Feridas), desde 2009. Colaboração na qualidade de Tutora/Orientadora Pedagógica com a Universidade do Minho. Publicação: E-Boock “Prevenção e Tratamento de Feridas da evidência à Prática” ISBN 978-989-20-5133-8, primeira edição, Novembro 2014.Coautora do capítulo Pé Diabético, páginas [158- 235]. Constituiu o grupo de coordenadores do E-Boock “Prevenção e Tratamento de Feridas da evidência à Prática. Vencedora do Premio Ernesto Roma – Cuidados de Saúde Primários 2014 com o trabalho de Investigação “Pé Diabético: dificuldades na abordagem e referenciação nas USF de Braga”. Publicação no Journal of Tissue Regeneration Healdin, nº 9, outubro-março 2016, do artigo “Pé Diabético: dificuldades na abordagem e referenciação nas USF de Braga”. Revisora do E-Boock “Tratamento de feridas: Casos Clínicos” ISBN 978-989-20-7913-4, primeira edição, novembro de 2017. Autora da brochura “Alimentação, Diabetes e Saúde-guia de orientação para a pessoa diabética”, 2012; Membro da Associação Portuguesa de Tratamento de Feridas desde 2009;    Vogal da direção Nacional da USF-AN no triénio 2015-2018; Fundadora e dinamizadora do Núcleo de Braga da USF-AN, com inicio em junho 2016.</p>
<p>&nbsp;</p>
<p><strong><u>NOTA PESSOAL</u></strong></p>
<p><strong>Questão:</strong> &#8220;Como pode a ACSP contribuir para o desenvolvimento dos CSP?&#8221;<br />
<strong>Resposta:</strong> &#8220;Pela aposta no conhecimento, rigor e inovação como potenciadores do desenvolvimento do capital humano nos CSP, com reforço para a construção coletiva de valores e conhecimentos.&#8221;[/vc_column_text][/vc_column][/vc_row]</p>
</div>

<p>[vc_row][vc_column][vc_column_text] Cristina Afonso (1971) – Licenciatura em Enfermagem (Escola Superior de Enfermagem Calouste Gulbenkian – Braga). Pós – Graduação em Feridas e Viabilidade Tecidular (Universidade Católica – Porto). De Abril&#8230;</p>
